Last updated on 2022-08-15 08:49:54 CEST.
Flavor | Version | Tinstall | Tcheck | Ttotal | Status | Flags |
---|---|---|---|---|---|---|
r-devel-linux-x86_64-debian-clang | 0.1.1 | 2.51 | 72.99 | 75.50 | OK | |
r-devel-linux-x86_64-debian-gcc | 0.1.1 | 2.89 | 53.08 | 55.97 | OK | |
r-devel-linux-x86_64-fedora-clang | 0.1.1 | 105.80 | ERROR | |||
r-devel-linux-x86_64-fedora-gcc | 0.1.1 | 110.46 | OK | |||
r-devel-windows-x86_64 | 0.1.1 | 28.00 | 105.00 | 133.00 | OK | |
r-patched-linux-x86_64 | 0.1.1 | 3.08 | 70.50 | 73.58 | OK | |
r-release-linux-x86_64 | 0.1.1 | 2.99 | 72.67 | 75.66 | OK | |
r-release-macos-arm64 | 0.1.1 | 33.00 | OK | |||
r-release-macos-x86_64 | 0.1.1 | 42.00 | OK | |||
r-release-windows-x86_64 | 0.1.1 | 31.00 | 108.00 | 139.00 | OK | |
r-oldrel-macos-arm64 | 0.1.1 | 35.00 | OK | |||
r-oldrel-macos-x86_64 | 0.1.1 | 55.00 | OK | |||
r-oldrel-windows-ix86+x86_64 | 0.1.1 | 9.00 | 107.00 | 116.00 | OK |
Version: 0.1.1
Check: re-building of vignette outputs
Result: ERROR
Error(s) in re-building vignettes:
--- re-building ‘denoiSeq-vignette.Rmd’ using rmarkdown
! pdfTeX error (font expansion): auto expansion is only possible with scalable
fonts.
<argument> ...shipout:D \box_use:N \l_shipout_box
\__shipout_drop_firstpage_...
l.217 \end{verbatim}
Error: processing vignette 'denoiSeq-vignette.Rmd' failed with diagnostics:
LaTeX failed to compile /data/gannet/ripley/R/packages/tests-clang/denoiSeq.Rcheck/vign_test/denoiSeq/vignettes/denoiSeq-vignette.tex. See https://yihui.org/tinytex/r/#debugging for debugging tips. See denoiSeq-vignette.log for more info.
--- failed re-building ‘denoiSeq-vignette.Rmd’
SUMMARY: processing the following file failed:
‘denoiSeq-vignette.Rmd’
Error: Vignette re-building failed.
Execution halted
Flavor: r-devel-linux-x86_64-fedora-clang