Last updated on 2022-08-15 08:49:54 CEST.
Flavor | Version | Tinstall | Tcheck | Ttotal | Status | Flags |
---|---|---|---|---|---|---|
r-devel-linux-x86_64-debian-clang | 0.1.2 | 8.68 | 69.97 | 78.65 | NOTE | |
r-devel-linux-x86_64-debian-gcc | 0.1.2 | 5.05 | 53.99 | 59.04 | NOTE | |
r-devel-linux-x86_64-fedora-clang | 0.1.2 | 105.36 | NOTE | |||
r-devel-linux-x86_64-fedora-gcc | 0.1.2 | 107.66 | NOTE | |||
r-devel-windows-x86_64 | 0.1.2 | 12.00 | 92.00 | 104.00 | NOTE | |
r-patched-linux-x86_64 | 0.1.2 | 6.12 | 67.87 | 73.99 | NOTE | |
r-release-linux-x86_64 | 0.1.2 | 8.88 | 67.24 | 76.12 | NOTE | |
r-release-macos-arm64 | 0.1.2 | 31.00 | NOTE | |||
r-release-macos-x86_64 | 0.1.2 | 42.00 | NOTE | |||
r-release-windows-x86_64 | 0.1.2 | 10.00 | 95.00 | 105.00 | NOTE | |
r-oldrel-macos-arm64 | 0.1.2 | 39.00 | NOTE | |||
r-oldrel-macos-x86_64 | 0.1.2 | 59.00 | NOTE | |||
r-oldrel-windows-ix86+x86_64 | 0.1.2 | 17.00 | 87.00 | 104.00 | NOTE |
Version: 0.1.2
Check: package subdirectories
Result: NOTE
Problems with news in 'NEWS.md':
No news entries found.
Flavors: r-devel-linux-x86_64-debian-clang, r-devel-linux-x86_64-debian-gcc, r-devel-linux-x86_64-fedora-clang, r-devel-linux-x86_64-fedora-gcc, r-devel-windows-x86_64
Version: 0.1.2
Check: LazyData
Result: NOTE
'LazyData' is specified without a 'data' directory
Flavors: r-devel-linux-x86_64-debian-clang, r-devel-linux-x86_64-debian-gcc, r-devel-linux-x86_64-fedora-clang, r-devel-linux-x86_64-fedora-gcc, r-devel-windows-x86_64, r-patched-linux-x86_64, r-release-linux-x86_64, r-release-macos-arm64, r-release-macos-x86_64, r-release-windows-x86_64, r-oldrel-macos-arm64, r-oldrel-macos-x86_64, r-oldrel-windows-ix86+x86_64
Version: 0.1.2
Check: dependencies in R code
Result: NOTE
Namespace in Imports field not imported from: ‘mvtnorm’
All declared Imports should be used.
Flavors: r-devel-linux-x86_64-fedora-clang, r-devel-linux-x86_64-fedora-gcc, r-release-macos-arm64, r-release-macos-x86_64, r-oldrel-macos-arm64, r-oldrel-macos-x86_64