Last updated on 2022-08-15 08:49:54 CEST.
Flavor | Version | Tinstall | Tcheck | Ttotal | Status | Flags |
---|---|---|---|---|---|---|
r-devel-linux-x86_64-debian-clang | 0.1.12 | 14.26 | 119.08 | 133.34 | OK | |
r-devel-linux-x86_64-debian-gcc | 0.1.12 | 11.49 | 88.96 | 100.45 | OK | |
r-devel-linux-x86_64-fedora-clang | 0.1.12 | 166.73 | NOTE | |||
r-devel-linux-x86_64-fedora-gcc | 0.1.12 | 185.85 | NOTE | |||
r-devel-windows-x86_64 | 0.1.12 | 24.00 | 141.00 | 165.00 | OK | |
r-patched-linux-x86_64 | 0.1.12 | 13.39 | 110.86 | 124.25 | OK | |
r-release-linux-x86_64 | 0.1.12 | 13.33 | 114.62 | 127.95 | OK | |
r-release-macos-arm64 | 0.1.12 | 54.00 | NOTE | |||
r-release-macos-x86_64 | 0.1.12 | 86.00 | NOTE | |||
r-release-windows-x86_64 | 0.1.12 | 30.00 | 144.00 | 174.00 | OK | |
r-oldrel-macos-arm64 | 0.1.12 | 67.00 | NOTE | |||
r-oldrel-macos-x86_64 | 0.1.12 | 100.00 | NOTE | |||
r-oldrel-windows-ix86+x86_64 | 0.1.12 | 30.00 | 144.00 | 174.00 | OK |
Version: 0.1.12
Check: data for non-ASCII characters
Result: NOTE
Note: found 47 marked UTF-8 strings
Flavors: r-devel-linux-x86_64-fedora-clang, r-devel-linux-x86_64-fedora-gcc, r-release-macos-arm64, r-release-macos-x86_64, r-oldrel-macos-arm64, r-oldrel-macos-x86_64