Last updated on 2022-08-15 08:49:54 CEST.
Flavor | Version | Tinstall | Tcheck | Ttotal | Status | Flags |
---|---|---|---|---|---|---|
r-devel-linux-x86_64-debian-clang | 0.4-4 | 10.97 | 372.01 | 382.98 | OK | |
r-devel-linux-x86_64-debian-gcc | 0.4-4 | 8.71 | 288.40 | 297.11 | OK | |
r-devel-linux-x86_64-fedora-clang | 0.4-4 | 462.11 | OK | |||
r-devel-linux-x86_64-fedora-gcc | 0.4-4 | 504.43 | OK | |||
r-devel-windows-x86_64 | 0.4-4 | 25.00 | 562.00 | 587.00 | OK | |
r-patched-linux-x86_64 | 0.4-4 | 14.12 | 386.33 | 400.45 | OK | |
r-release-linux-x86_64 | 0.4-4 | 13.15 | 392.91 | 406.06 | OK | |
r-release-macos-arm64 | 0.4-4 | 134.00 | OK | |||
r-release-macos-x86_64 | 0.4-4 | 185.00 | NOTE | |||
r-release-windows-x86_64 | 0.4-4 | 26.00 | 573.00 | 599.00 | OK | |
r-oldrel-macos-arm64 | 0.4-4 | 113.00 | NOTE | |||
r-oldrel-macos-x86_64 | 0.4-4 | 245.00 | OK | |||
r-oldrel-windows-ix86+x86_64 | 0.4-4 | 25.00 | 501.00 | 526.00 | OK |
Version: 0.4-4
Check: package dependencies
Result: NOTE
Packages suggested but not available for checking: 'dclone', 'dcmle'
Flavors: r-release-macos-x86_64, r-oldrel-macos-arm64