Last updated on 2022-08-15 08:49:54 CEST.
Flavor | Version | Tinstall | Tcheck | Ttotal | Status | Flags |
---|---|---|---|---|---|---|
r-devel-linux-x86_64-debian-clang | 0.6.14 | 144.73 | 131.85 | 276.58 | NOTE | |
r-devel-linux-x86_64-debian-gcc | 0.6.14 | 99.80 | 98.64 | 198.44 | NOTE | |
r-devel-linux-x86_64-fedora-clang | 0.6.14 | 363.27 | NOTE | |||
r-devel-linux-x86_64-fedora-gcc | 0.6.14 | 348.94 | NOTE | |||
r-devel-windows-x86_64 | 0.6.14 | 134.00 | 169.00 | 303.00 | NOTE | |
r-patched-linux-x86_64 | 0.6.14 | 89.79 | 122.29 | 212.08 | NOTE | |
r-release-linux-x86_64 | 0.6.14 | 83.84 | 123.41 | 207.25 | NOTE | |
r-release-macos-arm64 | 0.6.14 | 86.00 | NOTE | |||
r-release-macos-x86_64 | 0.6.14 | 147.00 | NOTE | |||
r-release-windows-x86_64 | 0.6.14 | 130.00 | 169.00 | 299.00 | NOTE | |
r-oldrel-macos-arm64 | 0.6.14 | 125.00 | NOTE | |||
r-oldrel-macos-x86_64 | 0.6.14 | 172.00 | NOTE | |||
r-oldrel-windows-ix86+x86_64 | 0.6.14 | 348.00 | 216.00 | 564.00 | NOTE |
Version: 0.6.14
Check: for GNU extensions in Makefiles
Result: NOTE
GNU make is a SystemRequirements.
Flavors: r-devel-linux-x86_64-debian-clang, r-devel-linux-x86_64-debian-gcc, r-devel-linux-x86_64-fedora-clang, r-devel-linux-x86_64-fedora-gcc, r-devel-windows-x86_64, r-patched-linux-x86_64, r-release-linux-x86_64, r-release-macos-arm64, r-release-macos-x86_64, r-release-windows-x86_64, r-oldrel-macos-arm64, r-oldrel-macos-x86_64, r-oldrel-windows-ix86+x86_64
Version: 0.6.14
Check: installed package size
Result: NOTE
installed size is 5.7Mb
sub-directories of 1Mb or more:
libs 4.5Mb
Flavor: r-oldrel-macos-arm64