Last updated on 2022-08-15 08:49:54 CEST.
Flavor | Version | Tinstall | Tcheck | Ttotal | Status | Flags |
---|---|---|---|---|---|---|
r-devel-linux-x86_64-debian-clang | 0.2.0 | 5.91 | 53.30 | 59.21 | OK | |
r-devel-linux-x86_64-debian-gcc | 0.2.0 | 3.89 | 39.37 | 43.26 | OK | |
r-devel-linux-x86_64-fedora-clang | 0.2.0 | 80.67 | NOTE | |||
r-devel-linux-x86_64-fedora-gcc | 0.2.0 | 80.14 | NOTE | |||
r-devel-windows-x86_64 | 0.2.0 | 27.00 | 79.00 | 106.00 | OK | |
r-patched-linux-x86_64 | 0.2.0 | 5.01 | 48.89 | 53.90 | OK | |
r-release-linux-x86_64 | 0.2.0 | 5.29 | 48.36 | 53.65 | OK | |
r-release-macos-arm64 | 0.2.0 | 25.00 | NOTE | |||
r-release-macos-x86_64 | 0.2.0 | 33.00 | NOTE | |||
r-release-windows-x86_64 | 0.2.0 | 36.00 | 76.00 | 112.00 | OK | |
r-oldrel-macos-arm64 | 0.2.0 | 24.00 | NOTE | |||
r-oldrel-macos-x86_64 | 0.2.0 | 32.00 | NOTE | |||
r-oldrel-windows-ix86+x86_64 | 0.2.0 | 16.00 | 70.00 | 86.00 | OK |
Version: 0.2.0
Check: package dependencies
Result: NOTE
Imports includes 21 non-default packages.
Importing from so many packages makes the package vulnerable to any of
them becoming unavailable. Move as many as possible to Suggests and
use conditionally.
Flavor: r-devel-linux-x86_64-fedora-clang
Version: 0.2.0
Check: dependencies in R code
Result: NOTE
Namespaces in Imports field not imported from:
‘DT’ ‘cranlogs’ ‘ggiraph’ ‘ggplot2’ ‘pkgnet’ ‘reshape2’ ‘stats’
‘tidyr’ ‘tidyselect’ ‘visNetwork’
All declared Imports should be used.
Flavors: r-devel-linux-x86_64-fedora-clang, r-devel-linux-x86_64-fedora-gcc, r-release-macos-arm64, r-release-macos-x86_64, r-oldrel-macos-arm64, r-oldrel-macos-x86_64