Last updated on 2022-08-15 08:49:54 CEST.
Flavor | Version | Tinstall | Tcheck | Ttotal | Status | Flags |
---|---|---|---|---|---|---|
r-devel-linux-x86_64-debian-clang | 2.1.6 | 30.00 | 101.55 | 131.55 | NOTE | |
r-devel-linux-x86_64-debian-gcc | 2.1.6 | 22.94 | 74.58 | 97.52 | NOTE | |
r-devel-linux-x86_64-fedora-clang | 2.1.6 | 161.27 | NOTE | |||
r-devel-linux-x86_64-fedora-gcc | 2.1.6 | 173.10 | NOTE | |||
r-devel-windows-x86_64 | 2.1.6 | 40.00 | 121.00 | 161.00 | NOTE | |
r-patched-linux-x86_64 | 2.1.6 | 23.95 | 96.64 | 120.59 | OK | |
r-release-linux-x86_64 | 2.1.6 | 26.50 | 97.03 | 123.53 | OK | |
r-release-macos-arm64 | 2.1.6 | 59.00 | OK | |||
r-release-macos-x86_64 | 2.1.6 | 69.00 | OK | |||
r-release-windows-x86_64 | 2.1.6 | 44.00 | 130.00 | 174.00 | OK | |
r-oldrel-macos-arm64 | 2.1.6 | 69.00 | OK | |||
r-oldrel-macos-x86_64 | 2.1.6 | 94.00 | OK | |||
r-oldrel-windows-ix86+x86_64 | 2.1.6 | 72.00 | 163.00 | 235.00 | OK |
Version: 2.1.6
Check: Rd files
Result: NOTE
checkRd: (-1) phihat.Rd:34: Escaped LaTeX specials: \&
Flavors: r-devel-linux-x86_64-debian-clang, r-devel-linux-x86_64-debian-gcc, r-devel-linux-x86_64-fedora-clang, r-devel-linux-x86_64-fedora-gcc, r-devel-windows-x86_64