Last updated on 2022-08-15 08:49:54 CEST.
Flavor | Version | Tinstall | Tcheck | Ttotal | Status | Flags |
---|---|---|---|---|---|---|
r-devel-linux-x86_64-debian-clang | 0.1.0 | 20.64 | 133.52 | 154.16 | OK | |
r-devel-linux-x86_64-debian-gcc | 0.1.0 | 17.51 | 98.32 | 115.83 | OK | |
r-devel-linux-x86_64-fedora-clang | 0.1.0 | 196.48 | NOTE | |||
r-devel-linux-x86_64-fedora-gcc | 0.1.0 | 200.64 | NOTE | |||
r-devel-windows-x86_64 | 0.1.0 | 43.00 | 145.00 | 188.00 | OK | |
r-patched-linux-x86_64 | 0.1.0 | 18.44 | 121.02 | 139.46 | OK | |
r-release-linux-x86_64 | 0.1.0 | 22.59 | 123.56 | 146.15 | OK | |
r-release-macos-arm64 | 0.1.0 | 56.00 | NOTE | |||
r-release-macos-x86_64 | 0.1.0 | 112.00 | NOTE | |||
r-release-windows-x86_64 | 0.1.0 | 39.00 | 149.00 | 188.00 | OK | |
r-oldrel-macos-arm64 | 0.1.0 | 46.00 | NOTE | |||
r-oldrel-macos-x86_64 | 0.1.0 | 71.00 | NOTE | |||
r-oldrel-windows-ix86+x86_64 | 0.1.0 | 44.00 | 146.00 | 190.00 | OK |
Version: 0.1.0
Check: data for non-ASCII characters
Result: NOTE
Note: found 8014 marked UTF-8 strings
Flavors: r-devel-linux-x86_64-fedora-clang, r-devel-linux-x86_64-fedora-gcc, r-release-macos-arm64, r-release-macos-x86_64, r-oldrel-macos-arm64, r-oldrel-macos-x86_64