Last updated on 2022-08-15 08:49:54 CEST.
Flavor | Version | Tinstall | Tcheck | Ttotal | Status | Flags |
---|---|---|---|---|---|---|
r-devel-linux-x86_64-debian-clang | 1.0.0 | 4.61 | 46.04 | 50.65 | NOTE | |
r-devel-linux-x86_64-debian-gcc | 1.0.0 | 3.79 | 34.01 | 37.80 | NOTE | |
r-devel-linux-x86_64-fedora-clang | 1.0.0 | 69.25 | NOTE | |||
r-devel-linux-x86_64-fedora-gcc | 1.0.0 | 70.35 | NOTE | |||
r-devel-windows-x86_64 | 1.0.0 | 7.00 | 65.00 | 72.00 | NOTE | |
r-patched-linux-x86_64 | 1.0.0 | 4.08 | 42.93 | 47.01 | NOTE | |
r-release-linux-x86_64 | 1.0.0 | 4.17 | 43.32 | 47.49 | NOTE | |
r-release-macos-arm64 | 1.0.0 | 21.00 | NOTE | |||
r-release-macos-x86_64 | 1.0.0 | 37.00 | NOTE | |||
r-release-windows-x86_64 | 1.0.0 | 8.00 | 68.00 | 76.00 | NOTE | |
r-oldrel-macos-arm64 | 1.0.0 | 27.00 | NOTE | |||
r-oldrel-macos-x86_64 | 1.0.0 | 39.00 | NOTE | |||
r-oldrel-windows-ix86+x86_64 | 1.0.0 | 13.00 | 60.00 | 73.00 | NOTE |
Version: 1.0.0
Check: LazyData
Result: NOTE
'LazyData' is specified without a 'data' directory
Flavors: r-devel-linux-x86_64-debian-clang, r-devel-linux-x86_64-debian-gcc, r-devel-linux-x86_64-fedora-clang, r-devel-linux-x86_64-fedora-gcc, r-devel-windows-x86_64, r-patched-linux-x86_64, r-release-linux-x86_64, r-release-macos-arm64, r-release-macos-x86_64, r-release-windows-x86_64, r-oldrel-macos-arm64, r-oldrel-macos-x86_64, r-oldrel-windows-ix86+x86_64