Last updated on 2022-08-15 08:49:54 CEST.
Flavor | Version | Tinstall | Tcheck | Ttotal | Status | Flags |
---|---|---|---|---|---|---|
r-devel-linux-x86_64-debian-clang | 0.1.4 | 71.65 | 45.83 | 117.48 | NOTE | |
r-devel-linux-x86_64-debian-gcc | 0.1.4 | 46.70 | 35.04 | 81.74 | NOTE | |
r-devel-linux-x86_64-fedora-clang | 0.1.4 | 160.93 | NOTE | |||
r-devel-linux-x86_64-fedora-gcc | 0.1.4 | 154.29 | NOTE | |||
r-devel-windows-x86_64 | 0.1.4 | 57.00 | 92.00 | 149.00 | NOTE | |
r-patched-linux-x86_64 | 0.1.4 | 57.29 | 44.50 | 101.79 | NOTE | |
r-release-linux-x86_64 | 0.1.4 | 54.72 | 44.53 | 99.25 | NOTE | |
r-release-macos-arm64 | 0.1.4 | 42.00 | NOTE | |||
r-release-macos-x86_64 | 0.1.4 | 53.00 | NOTE | |||
r-release-windows-x86_64 | 0.1.4 | 119.00 | 95.00 | 214.00 | NOTE | |
r-oldrel-macos-arm64 | 0.1.4 | 49.00 | NOTE | |||
r-oldrel-macos-x86_64 | 0.1.4 | 79.00 | NOTE | |||
r-oldrel-windows-ix86+x86_64 | 0.1.4 | 158.00 | 99.00 | 257.00 | NOTE |
Version: 0.1.4
Check: LazyData
Result: NOTE
'LazyData' is specified without a 'data' directory
Flavors: r-devel-linux-x86_64-debian-clang, r-devel-linux-x86_64-debian-gcc, r-devel-linux-x86_64-fedora-clang, r-devel-linux-x86_64-fedora-gcc, r-devel-windows-x86_64, r-patched-linux-x86_64, r-release-linux-x86_64, r-release-macos-arm64, r-release-macos-x86_64, r-release-windows-x86_64, r-oldrel-macos-arm64, r-oldrel-macos-x86_64, r-oldrel-windows-ix86+x86_64
Version: 0.1.4
Check: dependencies in R code
Result: NOTE
Namespace in Imports field not imported from: ‘methods’
All declared Imports should be used.
Flavors: r-devel-linux-x86_64-fedora-clang, r-devel-linux-x86_64-fedora-gcc, r-release-macos-arm64, r-release-macos-x86_64, r-oldrel-macos-arm64, r-oldrel-macos-x86_64
Version: 0.1.4
Check: installed package size
Result: NOTE
installed size is 11.7Mb
sub-directories of 1Mb or more:
libs 10.8Mb
Flavors: r-release-macos-arm64, r-release-macos-x86_64, r-oldrel-macos-arm64, r-oldrel-macos-x86_64