Last updated on 2022-08-15 08:49:54 CEST.
Flavor | Version | Tinstall | Tcheck | Ttotal | Status | Flags |
---|---|---|---|---|---|---|
r-devel-linux-x86_64-debian-clang | 0.0.1 | 2.33 | 48.56 | 50.89 | OK | |
r-devel-linux-x86_64-debian-gcc | 0.0.1 | 2.26 | 35.52 | 37.78 | OK | |
r-devel-linux-x86_64-fedora-clang | 0.0.1 | 71.32 | NOTE | |||
r-devel-linux-x86_64-fedora-gcc | 0.0.1 | 71.56 | NOTE | |||
r-devel-windows-x86_64 | 0.0.1 | 85.00 | 75.00 | 160.00 | OK | |
r-patched-linux-x86_64 | 0.0.1 | 3.20 | 45.01 | 48.21 | OK | |
r-release-linux-x86_64 | 0.0.1 | 2.85 | 45.60 | 48.45 | OK | |
r-release-macos-arm64 | 0.0.1 | 24.00 | NOTE | |||
r-release-macos-x86_64 | 0.0.1 | 46.00 | NOTE | |||
r-release-windows-x86_64 | 0.0.1 | 134.00 | 81.00 | 215.00 | OK | |
r-oldrel-macos-arm64 | 0.0.1 | 32.00 | NOTE | |||
r-oldrel-macos-x86_64 | 0.0.1 | 46.00 | NOTE | |||
r-oldrel-windows-ix86+x86_64 | 0.0.1 | 7.00 | 73.00 | 80.00 | OK |
Version: 0.0.1
Check: dependencies in R code
Result: NOTE
Namespaces in Imports field not imported from:
‘dplyr’ ‘readr’
All declared Imports should be used.
Flavors: r-devel-linux-x86_64-fedora-clang, r-devel-linux-x86_64-fedora-gcc, r-release-macos-arm64, r-release-macos-x86_64, r-oldrel-macos-arm64, r-oldrel-macos-x86_64