Last updated on 2022-08-15 08:49:54 CEST.
Flavor | Version | Tinstall | Tcheck | Ttotal | Status | Flags |
---|---|---|---|---|---|---|
r-devel-linux-x86_64-debian-clang | 0.1.6 | 6.43 | 54.59 | 61.02 | OK | |
r-devel-linux-x86_64-debian-gcc | 0.1.6 | 4.57 | 40.18 | 44.75 | OK | |
r-devel-linux-x86_64-fedora-clang | 0.1.6 | 80.78 | OK | |||
r-devel-linux-x86_64-fedora-gcc | 0.1.6 | 82.15 | OK | |||
r-devel-windows-x86_64 | 0.1.6 | 31.00 | 87.00 | 118.00 | OK | |
r-patched-linux-x86_64 | 0.1.6 | 5.26 | 49.36 | 54.62 | OK | |
r-release-linux-x86_64 | 0.1.6 | 4.68 | 50.57 | 55.25 | OK | |
r-release-macos-arm64 | 0.1.6 | 34.00 | NOTE | |||
r-release-macos-x86_64 | 0.1.6 | 42.00 | OK | |||
r-release-windows-x86_64 | 0.1.6 | 25.00 | 89.00 | 114.00 | OK | |
r-oldrel-macos-arm64 | 0.1.6 | 36.00 | OK | |||
r-oldrel-macos-x86_64 | 0.1.6 | 44.00 | OK | |||
r-oldrel-windows-ix86+x86_64 | 0.1.6 | 10.00 | 82.00 | 92.00 | OK |
Version: 0.1.6
Check: package dependencies
Result: NOTE
Package suggested but not available for checking: ‘biomartr’
Flavor: r-release-macos-arm64
Version: 0.1.6
Check: Rd cross-references
Result: NOTE
Package unavailable to check Rd xrefs: ‘biomartr’
Flavor: r-release-macos-arm64