Last updated on 2022-08-15 08:49:54 CEST.
Flavor | Version | Tinstall | Tcheck | Ttotal | Status | Flags |
---|---|---|---|---|---|---|
r-devel-linux-x86_64-debian-clang | 2.8.0 | 11.21 | 159.19 | 170.40 | OK | |
r-devel-linux-x86_64-debian-gcc | 2.8.0 | 7.78 | 114.78 | 122.56 | OK | |
r-devel-linux-x86_64-fedora-clang | 2.8.0 | 210.50 | OK | |||
r-devel-linux-x86_64-fedora-gcc | 2.8.0 | 219.74 | OK | |||
r-devel-windows-x86_64 | 2.8.0 | 21.00 | 201.00 | 222.00 | OK | |
r-patched-linux-x86_64 | 2.8.0 | 9.99 | 146.68 | 156.67 | OK | |
r-release-linux-x86_64 | 2.8.0 | 7.73 | 150.32 | 158.05 | OK | |
r-release-macos-arm64 | 2.8.0 | 56.00 | NOTE | |||
r-release-macos-x86_64 | 2.8.0 | 122.00 | OK | |||
r-release-windows-x86_64 | 2.8.0 | 17.00 | 207.00 | 224.00 | OK | |
r-oldrel-macos-arm64 | 2.8.0 | 70.00 | OK | |||
r-oldrel-macos-x86_64 | 2.8.0 | 114.00 | OK | |||
r-oldrel-windows-ix86+x86_64 | 2.8.0 | 23.00 | 192.00 | 215.00 | OK |
Version: 2.8.0
Check: package dependencies
Result: NOTE
Package suggested but not available for checking: ‘Biobase’
Flavor: r-release-macos-arm64