Last updated on 2022-08-15 08:49:54 CEST.
Flavor | Version | Tinstall | Tcheck | Ttotal | Status | Flags |
---|---|---|---|---|---|---|
r-devel-linux-x86_64-debian-clang | 2.8.5 | 44.64 | 221.39 | 266.03 | OK | |
r-devel-linux-x86_64-debian-gcc | 2.8.5 | 44.24 | 159.14 | 203.38 | OK | |
r-devel-linux-x86_64-fedora-clang | 2.8.5 | 326.49 | NOTE | |||
r-devel-linux-x86_64-fedora-gcc | 2.8.5 | 365.30 | OK | |||
r-devel-windows-x86_64 | 2.8.5 | 192.00 | 285.00 | 477.00 | OK | |
r-patched-linux-x86_64 | 2.8.5 | 50.79 | 203.89 | 254.68 | OK | |
r-release-linux-x86_64 | 2.8.5 | 43.13 | 204.91 | 248.04 | OK | |
r-release-macos-arm64 | 2.8.5 | 84.00 | OK | |||
r-release-macos-x86_64 | 2.8.5 | 120.00 | OK | |||
r-release-windows-x86_64 | 2.8.5 | 211.00 | 273.00 | 484.00 | OK | |
r-oldrel-macos-arm64 | 2.8.5 | 78.00 | OK | |||
r-oldrel-macos-x86_64 | 2.8.5 | 112.00 | OK | |||
r-oldrel-windows-ix86+x86_64 | 2.8.5 | 86.00 | 264.00 | 350.00 | OK |
Version: 2.8.5
Check: Rd cross-references
Result: NOTE
Undeclared package ‘RobAStBase’ in Rd xrefs
Flavor: r-devel-linux-x86_64-fedora-clang