Last updated on 2022-08-15 08:49:54 CEST.
Flavor | Version | Tinstall | Tcheck | Ttotal | Status | Flags |
---|---|---|---|---|---|---|
r-devel-linux-x86_64-debian-clang | 1.9.90 | 166.65 | 208.97 | 375.62 | NOTE | |
r-devel-linux-x86_64-debian-gcc | 1.9.90 | 127.22 | 154.14 | 281.36 | NOTE | |
r-devel-linux-x86_64-fedora-clang | 1.9.90 | 510.74 | NOTE | |||
r-devel-linux-x86_64-fedora-gcc | 1.9.90 | 486.57 | NOTE | |||
r-devel-windows-x86_64 | 1.9.90 | 164.00 | 266.00 | 430.00 | NOTE | |
r-patched-linux-x86_64 | 1.9.90 | 103.90 | 193.74 | 297.64 | NOTE | |
r-release-linux-x86_64 | 1.9.90 | 99.87 | 193.10 | 292.97 | NOTE | |
r-release-macos-arm64 | 1.9.90 | 117.00 | NOTE | |||
r-release-macos-x86_64 | 1.9.90 | 184.00 | NOTE | |||
r-release-windows-x86_64 | 1.9.90 | 146.00 | 263.00 | 409.00 | NOTE | |
r-oldrel-macos-arm64 | 1.9.90 | 130.00 | NOTE | |||
r-oldrel-macos-x86_64 | 1.9.90 | 241.00 | NOTE | |||
r-oldrel-windows-ix86+x86_64 | 1.9.90 | 374.00 | 304.00 | 678.00 | OK |
Version: 1.9.90
Check: package dependencies
Result: NOTE
Packages suggested but not available for checking: 'sendplot', 'HWxtest'
Flavors: r-devel-linux-x86_64-debian-clang, r-devel-linux-x86_64-debian-gcc, r-devel-linux-x86_64-fedora-clang, r-devel-linux-x86_64-fedora-gcc, r-devel-windows-x86_64, r-patched-linux-x86_64, r-release-linux-x86_64, r-release-macos-arm64, r-release-windows-x86_64, r-oldrel-macos-arm64, r-oldrel-macos-x86_64
Version: 1.9.90
Check: Rd files
Result: NOTE
checkRd: (-1) fastDivPart.Rd:13: Escaped LaTeX specials: \_
checkRd: (-1) inCalc.Rd:26: Escaped LaTeX specials: \_
checkRd: (-1) inCalc.Rd:13: Escaped LaTeX specials: \_
Flavors: r-devel-linux-x86_64-debian-clang, r-devel-linux-x86_64-debian-gcc, r-devel-linux-x86_64-fedora-clang, r-devel-linux-x86_64-fedora-gcc, r-devel-windows-x86_64
Version: 1.9.90
Check: installed package size
Result: NOTE
installed size is 5.2Mb
sub-directories of 1Mb or more:
libs 3.8Mb
Flavors: r-release-macos-arm64, r-oldrel-macos-arm64
Version: 1.9.90
Check: package dependencies
Result: NOTE
Packages suggested but not available for checking:
'xlsx', 'sendplot', 'HWxtest'
Flavor: r-release-macos-x86_64