Last updated on 2022-08-15 08:49:54 CEST.
Flavor | Version | Tinstall | Tcheck | Ttotal | Status | Flags |
---|---|---|---|---|---|---|
r-devel-linux-x86_64-debian-clang | 0.9-16 | 88.71 | 133.73 | 222.44 | OK | |
r-devel-linux-x86_64-debian-gcc | 0.9-16 | 66.03 | 95.24 | 161.27 | OK | |
r-devel-linux-x86_64-fedora-clang | 0.9-16 | 280.07 | OK | |||
r-devel-linux-x86_64-fedora-gcc | 0.9-16 | 275.45 | OK | |||
r-devel-windows-x86_64 | 0.9-16 | 185.00 | 170.00 | 355.00 | OK | |
r-patched-linux-x86_64 | 0.9-16 | 83.26 | 121.35 | 204.61 | OK | |
r-release-linux-x86_64 | 0.9-16 | 71.59 | 122.24 | 193.83 | OK | |
r-release-macos-arm64 | 0.9-16 | 70.00 | NOTE | |||
r-release-macos-x86_64 | 0.9-16 | 92.00 | NOTE | |||
r-release-windows-x86_64 | 0.9-16 | 271.00 | 166.00 | 437.00 | OK | |
r-oldrel-macos-arm64 | 0.9-16 | 77.00 | NOTE | |||
r-oldrel-macos-x86_64 | 0.9-16 | 95.00 | NOTE | |||
r-oldrel-windows-ix86+x86_64 | 0.9-16 | 199.00 | 189.00 | 388.00 | NOTE |
Version: 0.9-16
Check: installed package size
Result: NOTE
installed size is 7.8Mb
sub-directories of 1Mb or more:
libs 6.5Mb
Flavors: r-release-macos-arm64, r-release-macos-x86_64, r-oldrel-macos-arm64, r-oldrel-macos-x86_64, r-oldrel-windows-ix86+x86_64