Last updated on 2022-08-15 08:49:54 CEST.
Flavor | Version | Tinstall | Tcheck | Ttotal | Status | Flags |
---|---|---|---|---|---|---|
r-devel-linux-x86_64-debian-clang | 0.1.3 | 3.41 | 79.64 | 83.05 | NOTE | |
r-devel-linux-x86_64-debian-gcc | 0.1.3 | 3.11 | 58.32 | 61.43 | NOTE | |
r-devel-linux-x86_64-fedora-clang | 0.1.3 | 106.17 | NOTE | |||
r-devel-linux-x86_64-fedora-gcc | 0.1.3 | 106.57 | NOTE | |||
r-devel-windows-x86_64 | 0.1.3 | 405.00 | 137.00 | 542.00 | NOTE | |
r-patched-linux-x86_64 | 0.1.3 | 4.75 | 74.01 | 78.76 | NOTE | |
r-release-linux-x86_64 | 0.1.3 | 2.89 | 74.07 | 76.96 | NOTE | |
r-release-macos-arm64 | 0.1.3 | 35.00 | NOTE | |||
r-release-macos-x86_64 | 0.1.3 | 59.00 | NOTE | |||
r-release-windows-x86_64 | 0.1.3 | 689.00 | 130.00 | 819.00 | NOTE | |
r-oldrel-macos-arm64 | 0.1.3 | 38.00 | NOTE | |||
r-oldrel-macos-x86_64 | 0.1.3 | 61.00 | NOTE | |||
r-oldrel-windows-ix86+x86_64 | 0.1.3 | 8.00 | 134.00 | 142.00 | NOTE |
Version: 0.1.3
Check: LazyData
Result: NOTE
'LazyData' is specified without a 'data' directory
Flavors: r-devel-linux-x86_64-debian-clang, r-devel-linux-x86_64-debian-gcc, r-devel-linux-x86_64-fedora-clang, r-devel-linux-x86_64-fedora-gcc, r-devel-windows-x86_64, r-patched-linux-x86_64, r-release-linux-x86_64, r-release-macos-arm64, r-release-macos-x86_64, r-release-windows-x86_64, r-oldrel-macos-arm64, r-oldrel-macos-x86_64, r-oldrel-windows-ix86+x86_64