Last updated on 2022-08-15 08:49:54 CEST.
Flavor | Version | Tinstall | Tcheck | Ttotal | Status | Flags |
---|---|---|---|---|---|---|
r-devel-linux-x86_64-debian-clang | 0.1.0 | 2.41 | 48.20 | 50.61 | NOTE | |
r-devel-linux-x86_64-debian-gcc | 0.1.0 | 1.81 | 35.12 | 36.93 | NOTE | |
r-devel-linux-x86_64-fedora-clang | 0.1.0 | 69.99 | NOTE | |||
r-devel-linux-x86_64-fedora-gcc | 0.1.0 | 71.59 | NOTE | |||
r-devel-windows-x86_64 | 0.1.0 | 9.00 | 76.00 | 85.00 | NOTE | |
r-patched-linux-x86_64 | 0.1.0 | 2.45 | 46.00 | 48.45 | NOTE | |
r-release-linux-x86_64 | 0.1.0 | 2.43 | 46.41 | 48.84 | NOTE | |
r-release-macos-arm64 | 0.1.0 | 20.00 | NOTE | |||
r-release-macos-x86_64 | 0.1.0 | 31.00 | NOTE | |||
r-release-windows-x86_64 | 0.1.0 | 9.00 | 73.00 | 82.00 | NOTE | |
r-oldrel-macos-arm64 | 0.1.0 | 27.00 | NOTE | |||
r-oldrel-macos-x86_64 | 0.1.0 | 33.00 | NOTE | |||
r-oldrel-windows-ix86+x86_64 | 0.1.0 | 6.00 | 84.00 | 90.00 | NOTE |
Version: 0.1.0
Check: LazyData
Result: NOTE
'LazyData' is specified without a 'data' directory
Flavors: r-devel-linux-x86_64-debian-clang, r-devel-linux-x86_64-debian-gcc, r-devel-linux-x86_64-fedora-clang, r-devel-linux-x86_64-fedora-gcc, r-devel-windows-x86_64, r-patched-linux-x86_64, r-release-linux-x86_64, r-release-macos-arm64, r-release-macos-x86_64, r-release-windows-x86_64, r-oldrel-macos-arm64, r-oldrel-macos-x86_64, r-oldrel-windows-ix86+x86_64