Last updated on 2022-08-15 08:49:54 CEST.
Flavor | Version | Tinstall | Tcheck | Ttotal | Status | Flags |
---|---|---|---|---|---|---|
r-devel-linux-x86_64-debian-clang | 1.1.7 | 23.37 | 197.85 | 221.22 | OK | |
r-devel-linux-x86_64-debian-gcc | 1.1.7 | 16.37 | 143.81 | 160.18 | OK | |
r-devel-linux-x86_64-fedora-clang | 1.1.7 | 269.35 | OK | |||
r-devel-linux-x86_64-fedora-gcc | 1.1.7 | 280.66 | OK | |||
r-devel-windows-x86_64 | 1.1.7 | 40.00 | 216.00 | 256.00 | OK | |
r-patched-linux-x86_64 | 1.1.7 | 20.98 | 183.68 | 204.66 | OK | |
r-release-linux-x86_64 | 1.1.7 | 15.86 | 181.24 | 197.10 | OK | |
r-release-macos-arm64 | 1.1.7 | 59.00 | OK | |||
r-release-macos-x86_64 | 1.1.7 | 93.00 | OK | |||
r-release-windows-x86_64 | 1.1.7 | 37.00 | 209.00 | 246.00 | OK | |
r-oldrel-macos-arm64 | 1.1.7 | 9.00 | ERROR | |||
r-oldrel-macos-x86_64 | 1.1.7 | 129.00 | OK | |||
r-oldrel-windows-ix86+x86_64 | 1.1.7 | 45.00 | 208.00 | 253.00 | OK |
Version: 1.1.7
Check: package dependencies
Result: ERROR
Package required but not available: ‘supraHex’
See section ‘The DESCRIPTION file’ in the ‘Writing R Extensions’
manual.
Flavor: r-oldrel-macos-arm64