Last updated on 2022-08-15 08:49:54 CEST.
Flavor | Version | Tinstall | Tcheck | Ttotal | Status | Flags |
---|---|---|---|---|---|---|
r-devel-linux-x86_64-debian-clang | 0.2.1 | 126.60 | 31.17 | 157.77 | NOTE | |
r-devel-linux-x86_64-debian-gcc | 0.2.1 | 89.05 | 23.85 | 112.90 | NOTE | |
r-devel-linux-x86_64-fedora-clang | 0.2.1 | 251.84 | NOTE | |||
r-devel-linux-x86_64-fedora-gcc | 0.2.1 | 211.19 | NOTE | |||
r-devel-windows-x86_64 | 0.2.1 | 92.00 | 76.00 | 168.00 | NOTE | |
r-patched-linux-x86_64 | 0.2.1 | 93.14 | 28.62 | 121.76 | NOTE | |
r-release-linux-x86_64 | 0.2.1 | 98.37 | 28.72 | 127.09 | NOTE | |
r-release-macos-arm64 | 0.2.1 | 50.00 | NOTE | |||
r-release-macos-x86_64 | 0.2.1 | 68.00 | NOTE | |||
r-release-windows-x86_64 | 0.2.1 | 172.00 | 76.00 | 248.00 | NOTE | |
r-oldrel-macos-arm64 | 0.2.1 | 50.00 | NOTE | |||
r-oldrel-macos-x86_64 | 0.2.1 | 106.00 | NOTE | |||
r-oldrel-windows-ix86+x86_64 | 0.2.1 | 293.00 | 79.00 | 372.00 | NOTE |
Version: 0.2.1
Check: LazyData
Result: NOTE
'LazyData' is specified without a 'data' directory
Flavors: r-devel-linux-x86_64-debian-clang, r-devel-linux-x86_64-debian-gcc, r-devel-linux-x86_64-fedora-clang, r-devel-linux-x86_64-fedora-gcc, r-devel-windows-x86_64, r-patched-linux-x86_64, r-release-linux-x86_64, r-release-macos-arm64, r-release-macos-x86_64, r-release-windows-x86_64, r-oldrel-macos-arm64, r-oldrel-macos-x86_64, r-oldrel-windows-ix86+x86_64