Last updated on 2022-08-15 08:49:54 CEST.
Flavor | Version | Tinstall | Tcheck | Ttotal | Status | Flags |
---|---|---|---|---|---|---|
r-devel-linux-x86_64-debian-clang | 0.3.5 | 16.67 | 208.28 | 224.95 | NOTE | |
r-devel-linux-x86_64-debian-gcc | 0.3.5 | 13.85 | 155.18 | 169.03 | NOTE | |
r-devel-linux-x86_64-fedora-clang | 0.3.5 | 275.24 | NOTE | |||
r-devel-linux-x86_64-fedora-gcc | 0.3.5 | 285.83 | NOTE | |||
r-devel-windows-x86_64 | 0.3.5 | 23.00 | 249.00 | 272.00 | NOTE | |
r-patched-linux-x86_64 | 0.3.5 | 16.54 | 202.57 | 219.11 | OK | |
r-release-linux-x86_64 | 0.3.5 | 14.26 | 204.49 | 218.75 | OK | |
r-release-macos-arm64 | 0.3.5 | 93.00 | OK | |||
r-release-macos-x86_64 | 0.3.5 | 160.00 | OK | |||
r-release-windows-x86_64 | 0.3.5 | 24.00 | 240.00 | 264.00 | OK | |
r-oldrel-macos-arm64 | 0.3.5 | 96.00 | OK | |||
r-oldrel-macos-x86_64 | 0.3.5 | 141.00 | OK | |||
r-oldrel-windows-ix86+x86_64 | 0.3.5 | 32.00 | 251.00 | 283.00 | OK |
Version: 0.3.5
Check: package subdirectories
Result: NOTE
Problems with news in 'NEWS.md':
No news entries found.
Flavors: r-devel-linux-x86_64-debian-clang, r-devel-linux-x86_64-debian-gcc, r-devel-linux-x86_64-fedora-clang, r-devel-linux-x86_64-fedora-gcc, r-devel-windows-x86_64
Version: 0.3.5
Check: Rd files
Result: NOTE
checkRd: (-1) dnr.Rd:12: Escaped LaTeX specials: \#
Flavors: r-devel-linux-x86_64-debian-clang, r-devel-linux-x86_64-debian-gcc, r-devel-linux-x86_64-fedora-clang, r-devel-linux-x86_64-fedora-gcc, r-devel-windows-x86_64