Last updated on 2022-08-15 08:49:54 CEST.
Flavor | Version | Tinstall | Tcheck | Ttotal | Status | Flags |
---|---|---|---|---|---|---|
r-devel-linux-x86_64-debian-clang | 4.6.13 | 18.23 | 184.30 | 202.53 | OK | |
r-devel-linux-x86_64-debian-gcc | 4.6.13 | 13.87 | 138.07 | 151.94 | OK | |
r-devel-linux-x86_64-fedora-clang | 4.6.13 | 252.07 | NOTE | |||
r-devel-linux-x86_64-fedora-gcc | 4.6.13 | 244.49 | OK | |||
r-devel-windows-x86_64 | 4.6.13 | 45.00 | 259.00 | 304.00 | NOTE | |
r-patched-linux-x86_64 | 4.6.13 | 16.58 | 164.26 | 180.84 | OK | |
r-release-linux-x86_64 | 4.6.13 | 14.52 | 168.59 | 183.11 | OK | |
r-release-macos-arm64 | 4.6.13 | 76.00 | NOTE | |||
r-release-macos-x86_64 | 4.6.13 | 104.00 | NOTE | |||
r-release-windows-x86_64 | 4.6.13 | 39.00 | 255.00 | 294.00 | NOTE | |
r-oldrel-macos-arm64 | 4.6.13 | 76.00 | NOTE | |||
r-oldrel-macos-x86_64 | 4.6.13 | 103.00 | NOTE | |||
r-oldrel-windows-ix86+x86_64 | 4.6.13 | 35.00 | 230.00 | 265.00 | NOTE |
Version: 4.6.13
Check: installed package size
Result: NOTE
installed size is 5.2Mb
sub-directories of 1Mb or more:
data 4.1Mb
Flavors: r-devel-linux-x86_64-fedora-clang, r-devel-windows-x86_64, r-release-macos-arm64, r-release-macos-x86_64, r-release-windows-x86_64, r-oldrel-macos-arm64, r-oldrel-macos-x86_64, r-oldrel-windows-ix86+x86_64