Last updated on 2022-08-15 08:49:54 CEST.
Flavor | Version | Tinstall | Tcheck | Ttotal | Status | Flags |
---|---|---|---|---|---|---|
r-devel-linux-x86_64-debian-clang | 0.2.2 | 4.19 | 37.18 | 41.37 | OK | |
r-devel-linux-x86_64-debian-gcc | 0.2.2 | 3.25 | 29.55 | 32.80 | OK | |
r-devel-linux-x86_64-fedora-clang | 0.2.2 | 63.50 | OK | |||
r-devel-linux-x86_64-fedora-gcc | 0.2.2 | 65.14 | OK | |||
r-devel-windows-x86_64 | 0.2.2 | 19.00 | 72.00 | 91.00 | OK | |
r-patched-linux-x86_64 | 0.2.2 | 3.84 | 36.54 | 40.38 | OK | |
r-release-linux-x86_64 | 0.2.2 | 3.17 | 36.34 | 39.51 | OK | |
r-release-macos-arm64 | 0.2.2 | 5.00 | ERROR | |||
r-release-macos-x86_64 | 0.2.2 | 7.00 | ERROR | |||
r-release-windows-x86_64 | 0.2.2 | 19.00 | 67.00 | 86.00 | OK | |
r-oldrel-macos-arm64 | 0.2.2 | 9.00 | ERROR | |||
r-oldrel-macos-x86_64 | 0.2.2 | 10.00 | ERROR | |||
r-oldrel-windows-ix86+x86_64 | 0.2.2 | 8.00 | 52.00 | 60.00 | OK |
Version: 0.2.2
Check: package dependencies
Result: ERROR
Package required but not available: ‘Rmpi’
See section ‘The DESCRIPTION file’ in the ‘Writing R Extensions’
manual.
Flavors: r-release-macos-arm64, r-release-macos-x86_64, r-oldrel-macos-arm64, r-oldrel-macos-x86_64