Last updated on 2022-08-15 08:49:54 CEST.
Flavor | Version | Tinstall | Tcheck | Ttotal | Status | Flags |
---|---|---|---|---|---|---|
r-devel-linux-x86_64-debian-clang | 1.8.2 | 2.74 | 52.28 | 55.02 | OK | |
r-devel-linux-x86_64-debian-gcc | 1.8.2 | 2.04 | 41.49 | 43.53 | OK | |
r-devel-linux-x86_64-fedora-clang | 1.8.2 | 115.52 | NOTE | |||
r-devel-linux-x86_64-fedora-gcc | 1.8.2 | 118.00 | NOTE | |||
r-devel-windows-x86_64 | 1.8.2 | 13.00 | 134.00 | 147.00 | OK | |
r-patched-linux-x86_64 | 1.8.2 | 3.65 | 50.49 | 54.14 | OK | |
r-release-linux-x86_64 | 1.8.2 | 2.60 | 50.39 | 52.99 | OK | |
r-release-macos-arm64 | 1.8.2 | 79.00 | NOTE | |||
r-release-macos-x86_64 | 1.8.2 | 90.00 | NOTE | |||
r-release-windows-x86_64 | 1.8.2 | 9.00 | 130.00 | 139.00 | OK | |
r-oldrel-macos-arm64 | 1.8.2 | 84.00 | NOTE | |||
r-oldrel-macos-x86_64 | 1.8.2 | 101.00 | NOTE | |||
r-oldrel-windows-ix86+x86_64 | 1.8.2 | 8.00 | 102.00 | 110.00 | OK |
Version: 1.8.2
Check: package dependencies
Result: NOTE
Suggests orphaned package: ‘bibtex’
Flavors: r-devel-linux-x86_64-fedora-clang, r-devel-linux-x86_64-fedora-gcc
Version: 1.8.2
Check: package dependencies
Result: NOTE
Package suggested but not available for checking: ‘doMPI’
Flavors: r-release-macos-arm64, r-release-macos-x86_64
Version: 1.8.2
Check: Rd cross-references
Result: NOTE
Package unavailable to check Rd xrefs: ‘doMPI’
Flavors: r-release-macos-arm64, r-release-macos-x86_64, r-oldrel-macos-arm64, r-oldrel-macos-x86_64
Version: 1.8.2
Check: package dependencies
Result: NOTE
Packages suggested but not available for checking: 'doMPI', 'doRedis'
Flavors: r-oldrel-macos-arm64, r-oldrel-macos-x86_64