Last updated on 2022-08-15 08:49:54 CEST.
Flavor | Version | Tinstall | Tcheck | Ttotal | Status | Flags |
---|---|---|---|---|---|---|
r-devel-linux-x86_64-debian-clang | 1.0.20 | 2.56 | 25.66 | 28.22 | NOTE | |
r-devel-linux-x86_64-debian-gcc | 1.0.20 | 1.50 | 20.27 | 21.77 | NOTE | |
r-devel-linux-x86_64-fedora-clang | 1.0.20 | 44.55 | OK | |||
r-devel-linux-x86_64-fedora-gcc | 1.0.20 | 45.90 | OK | |||
r-devel-windows-x86_64 | 1.0.20 | 9.00 | 54.00 | 63.00 | OK | |
r-patched-linux-x86_64 | 1.0.20 | 2.27 | 24.83 | 27.10 | NOTE | |
r-release-linux-x86_64 | 1.0.20 | 1.95 | 24.77 | 26.72 | NOTE | |
r-release-macos-arm64 | 1.0.20 | 16.00 | OK | |||
r-release-macos-x86_64 | 1.0.20 | 23.00 | OK | |||
r-release-windows-x86_64 | 1.0.20 | 7.00 | 51.00 | 58.00 | OK | |
r-oldrel-macos-arm64 | 1.0.20 | 13.00 | OK | |||
r-oldrel-macos-x86_64 | 1.0.20 | 23.00 | OK | |||
r-oldrel-windows-ix86+x86_64 | 1.0.20 | 6.00 | 44.00 | 50.00 | OK |
Version: 1.0.20
Check: R code for possible problems
Result: NOTE
Found the following calls to attach():
File 'doSNOW/R/doSNOW.R':
attach(exportEnv)
See section 'Good practice' in '?attach'.
Flavors: r-devel-linux-x86_64-debian-clang, r-devel-linux-x86_64-debian-gcc, r-patched-linux-x86_64, r-release-linux-x86_64