Last updated on 2022-08-15 08:49:54 CEST.
Flavor | Version | Tinstall | Tcheck | Ttotal | Status | Flags |
---|---|---|---|---|---|---|
r-devel-linux-x86_64-debian-clang | 0.2.0 | 109.17 | 56.07 | 165.24 | OK | |
r-devel-linux-x86_64-debian-gcc | 0.2.0 | 93.20 | 40.34 | 133.54 | OK | |
r-devel-linux-x86_64-fedora-clang | 0.2.0 | 265.49 | NOTE | |||
r-devel-linux-x86_64-fedora-gcc | 0.2.0 | 250.32 | NOTE | |||
r-devel-windows-x86_64 | 0.2.0 | 97.00 | 114.00 | 211.00 | NOTE | |
r-patched-linux-x86_64 | 0.2.0 | 94.59 | 55.40 | 149.99 | OK | |
r-release-linux-x86_64 | 0.2.0 | 97.71 | 54.39 | 152.10 | OK | |
r-release-macos-arm64 | 0.2.0 | 62.00 | NOTE | |||
r-release-macos-x86_64 | 0.2.0 | 87.00 | NOTE | |||
r-release-windows-x86_64 | 0.2.0 | 169.00 | 108.00 | 277.00 | NOTE | |
r-oldrel-macos-arm64 | 0.2.0 | 64.00 | NOTE | |||
r-oldrel-macos-x86_64 | 0.2.0 | 142.00 | NOTE | |||
r-oldrel-windows-ix86+x86_64 | 0.2.0 | 279.00 | 139.00 | 418.00 | NOTE |
Version: 0.2.0
Check: installed package size
Result: NOTE
installed size is 5.3Mb
sub-directories of 1Mb or more:
data 4.8Mb
Flavors: r-devel-linux-x86_64-fedora-clang, r-devel-windows-x86_64, r-release-macos-arm64, r-release-macos-x86_64, r-release-windows-x86_64, r-oldrel-macos-arm64, r-oldrel-macos-x86_64, r-oldrel-windows-ix86+x86_64
Version: 0.2.0
Check: data for non-ASCII characters
Result: NOTE
Note: found 9796 marked UTF-8 strings
Flavors: r-devel-linux-x86_64-fedora-clang, r-devel-linux-x86_64-fedora-gcc, r-release-macos-arm64, r-release-macos-x86_64, r-oldrel-macos-arm64, r-oldrel-macos-x86_64