Last updated on 2022-08-15 08:49:54 CEST.
Flavor | Version | Tinstall | Tcheck | Ttotal | Status | Flags |
---|---|---|---|---|---|---|
r-devel-linux-x86_64-debian-clang | 0.4.0 | 5.30 | 73.54 | 78.84 | NOTE | |
r-devel-linux-x86_64-debian-gcc | 0.4.0 | 3.74 | 54.88 | 58.62 | NOTE | |
r-devel-linux-x86_64-fedora-clang | 0.4.0 | 97.19 | NOTE | |||
r-devel-linux-x86_64-fedora-gcc | 0.4.0 | 99.70 | NOTE | |||
r-devel-windows-x86_64 | 0.4.0 | 61.00 | 106.00 | 167.00 | NOTE | |
r-patched-linux-x86_64 | 0.4.0 | 5.38 | 68.93 | 74.31 | NOTE | |
r-release-linux-x86_64 | 0.4.0 | 4.58 | 64.98 | 69.56 | NOTE | |
r-release-macos-arm64 | 0.4.0 | 29.00 | NOTE | |||
r-release-macos-x86_64 | 0.4.0 | 37.00 | NOTE | |||
r-release-windows-x86_64 | 0.4.0 | 53.00 | 99.00 | 152.00 | NOTE | |
r-oldrel-macos-arm64 | 0.4.0 | 31.00 | NOTE | |||
r-oldrel-macos-x86_64 | 0.4.0 | 59.00 | NOTE | |||
r-oldrel-windows-ix86+x86_64 | 0.4.0 | 13.00 | 137.00 | 150.00 | NOTE |
Version: 0.4.0
Check: LazyData
Result: NOTE
'LazyData' is specified without a 'data' directory
Flavors: r-devel-linux-x86_64-debian-clang, r-devel-linux-x86_64-debian-gcc, r-devel-linux-x86_64-fedora-clang, r-devel-linux-x86_64-fedora-gcc, r-devel-windows-x86_64, r-patched-linux-x86_64, r-release-linux-x86_64, r-release-macos-arm64, r-release-macos-x86_64, r-release-windows-x86_64, r-oldrel-macos-arm64, r-oldrel-macos-x86_64, r-oldrel-windows-ix86+x86_64