Last updated on 2022-08-15 08:49:54 CEST.
Flavor | Version | Tinstall | Tcheck | Ttotal | Status | Flags |
---|---|---|---|---|---|---|
r-devel-linux-x86_64-debian-clang | 0.0.3 | 2.41 | 26.63 | 29.04 | NOTE | |
r-devel-linux-x86_64-debian-gcc | 0.0.3 | 1.58 | 21.14 | 22.72 | NOTE | |
r-devel-linux-x86_64-fedora-clang | 0.0.3 | 46.33 | NOTE | |||
r-devel-linux-x86_64-fedora-gcc | 0.0.3 | 46.55 | NOTE | |||
r-devel-windows-x86_64 | 0.0.3 | 15.00 | 57.00 | 72.00 | NOTE | |
r-patched-linux-x86_64 | 0.0.3 | 2.56 | 25.50 | 28.06 | NOTE | |
r-release-linux-x86_64 | 0.0.3 | 2.25 | 26.04 | 28.29 | NOTE | |
r-release-macos-arm64 | 0.0.3 | 16.00 | NOTE | |||
r-release-macos-x86_64 | 0.0.3 | 24.00 | NOTE | |||
r-release-windows-x86_64 | 0.0.3 | 15.00 | 51.00 | 66.00 | NOTE | |
r-oldrel-macos-arm64 | 0.0.3 | 21.00 | NOTE | |||
r-oldrel-macos-x86_64 | 0.0.3 | 23.00 | NOTE | |||
r-oldrel-windows-ix86+x86_64 | 0.0.3 | 6.00 | 51.00 | 57.00 | NOTE |
Version: 0.0.3
Check: LazyData
Result: NOTE
'LazyData' is specified without a 'data' directory
Flavors: r-devel-linux-x86_64-debian-clang, r-devel-linux-x86_64-debian-gcc, r-devel-linux-x86_64-fedora-clang, r-devel-linux-x86_64-fedora-gcc, r-devel-windows-x86_64, r-patched-linux-x86_64, r-release-linux-x86_64, r-release-macos-arm64, r-release-macos-x86_64, r-release-windows-x86_64, r-oldrel-macos-arm64, r-oldrel-macos-x86_64, r-oldrel-windows-ix86+x86_64