Last updated on 2022-08-15 08:49:54 CEST.
Flavor | Version | Tinstall | Tcheck | Ttotal | Status | Flags |
---|---|---|---|---|---|---|
r-devel-linux-x86_64-debian-clang | 1.0-1 | 3.45 | 24.59 | 28.04 | NOTE | |
r-devel-linux-x86_64-debian-gcc | 1.0-1 | 2.91 | 18.89 | 21.80 | NOTE | |
r-devel-linux-x86_64-fedora-clang | 1.0-1 | 45.34 | NOTE | |||
r-devel-linux-x86_64-fedora-gcc | 1.0-1 | 44.32 | NOTE | |||
r-devel-windows-x86_64 | 1.0-1 | 14.00 | 54.00 | 68.00 | NOTE | |
r-patched-linux-x86_64 | 1.0-1 | 3.28 | 23.17 | 26.45 | NOTE | |
r-release-linux-x86_64 | 1.0-1 | 3.59 | 23.43 | 27.02 | NOTE | |
r-release-macos-arm64 | 1.0-1 | 17.00 | OK | |||
r-release-macos-x86_64 | 1.0-1 | 25.00 | NOTE | |||
r-release-windows-x86_64 | 1.0-1 | 25.00 | 52.00 | 77.00 | NOTE | |
r-oldrel-macos-arm64 | 1.0-1 | 21.00 | OK | |||
r-oldrel-macos-x86_64 | 1.0-1 | 31.00 | OK | |||
r-oldrel-windows-ix86+x86_64 | 1.0-1 | 13.00 | 62.00 | 75.00 | OK |
Version: 1.0-1
Check: package dependencies
Result: NOTE
Package suggested but not available for checking: 'OpenMPController'
Flavors: r-devel-linux-x86_64-debian-clang, r-devel-linux-x86_64-debian-gcc, r-devel-linux-x86_64-fedora-clang, r-devel-linux-x86_64-fedora-gcc, r-devel-windows-x86_64, r-patched-linux-x86_64, r-release-linux-x86_64, r-release-macos-x86_64, r-release-windows-x86_64