Last updated on 2022-08-15 08:49:54 CEST.
Flavor | Version | Tinstall | Tcheck | Ttotal | Status | Flags |
---|---|---|---|---|---|---|
r-devel-linux-x86_64-debian-clang | 0.0.2 | 7.23 | 129.63 | 136.86 | OK | |
r-devel-linux-x86_64-debian-gcc | 0.0.2 | 5.32 | 97.24 | 102.56 | OK | |
r-devel-linux-x86_64-fedora-clang | 0.0.2 | 171.17 | NOTE | |||
r-devel-linux-x86_64-fedora-gcc | 0.0.2 | 169.45 | NOTE | |||
r-devel-windows-x86_64 | 0.0.2 | 16.00 | 168.00 | 184.00 | OK | |
r-patched-linux-x86_64 | 0.0.2 | 6.13 | 123.72 | 129.85 | OK | |
r-release-linux-x86_64 | 0.0.2 | 4.63 | 124.14 | 128.77 | OK | |
r-release-macos-arm64 | 0.0.2 | 51.00 | NOTE | |||
r-release-macos-x86_64 | 0.0.2 | 72.00 | NOTE | |||
r-release-windows-x86_64 | 0.0.2 | 21.00 | 182.00 | 203.00 | OK | |
r-oldrel-macos-arm64 | 0.0.2 | 49.00 | NOTE | |||
r-oldrel-macos-x86_64 | 0.0.2 | 70.00 | NOTE | |||
r-oldrel-windows-ix86+x86_64 | 0.0.2 | 19.00 | 167.00 | 186.00 | OK |
Version: 0.0.2
Check: data for non-ASCII characters
Result: NOTE
Note: found 2 marked UTF-8 strings
Flavors: r-devel-linux-x86_64-fedora-clang, r-devel-linux-x86_64-fedora-gcc, r-release-macos-arm64, r-release-macos-x86_64, r-oldrel-macos-arm64, r-oldrel-macos-x86_64