Last updated on 2022-08-15 08:49:54 CEST.
Flavor | Version | Tinstall | Tcheck | Ttotal | Status | Flags |
---|---|---|---|---|---|---|
r-devel-linux-x86_64-debian-clang | 0.7.4 | 8.89 | 163.34 | 172.23 | NOTE | |
r-devel-linux-x86_64-debian-gcc | 0.7.4 | 6.04 | 119.46 | 125.50 | NOTE | |
r-devel-linux-x86_64-fedora-clang | 0.7.4 | 203.93 | NOTE | |||
r-devel-linux-x86_64-fedora-gcc | 0.7.4 | 215.18 | NOTE | |||
r-devel-windows-x86_64 | 0.7.4 | 26.00 | 174.00 | 200.00 | OK | |
r-patched-linux-x86_64 | 0.7.4 | 13.85 | 151.29 | 165.14 | NOTE | |
r-release-linux-x86_64 | 0.7.4 | 8.07 | 149.56 | 157.63 | NOTE | |
r-release-macos-arm64 | 0.7.4 | 55.00 | OK | |||
r-release-macos-x86_64 | 0.7.4 | 112.00 | OK | |||
r-release-windows-x86_64 | 0.7.4 | 23.00 | 173.00 | 196.00 | OK | |
r-oldrel-macos-arm64 | 0.7.4 | 87.00 | OK | |||
r-oldrel-macos-x86_64 | 0.7.4 | 78.00 | OK | |||
r-oldrel-windows-ix86+x86_64 | 0.7.4 | 27.00 | 168.00 | 195.00 | OK |
Version: 0.7.4
Check: Rd cross-references
Result: NOTE
Unknown package 'broomExtra' in Rd xrefs
Flavors: r-devel-linux-x86_64-debian-clang, r-devel-linux-x86_64-debian-gcc, r-devel-linux-x86_64-fedora-gcc, r-patched-linux-x86_64, r-release-linux-x86_64
Version: 0.7.4
Check: Rd cross-references
Result: NOTE
Undeclared package ‘broomExtra’ in Rd xrefs
Unknown package ‘broomExtra’ in Rd xrefs
Flavor: r-devel-linux-x86_64-fedora-clang