Last updated on 2022-08-15 08:49:54 CEST.
Flavor | Version | Tinstall | Tcheck | Ttotal | Status | Flags |
---|---|---|---|---|---|---|
r-devel-linux-x86_64-debian-clang | 1.0.9 | 23.32 | 320.76 | 344.08 | NOTE | |
r-devel-linux-x86_64-debian-gcc | 1.0.9 | 16.86 | 233.27 | 250.13 | NOTE | |
r-devel-linux-x86_64-fedora-clang | 1.0.9 | 395.70 | NOTE | |||
r-devel-linux-x86_64-fedora-gcc | 1.0.9 | 416.60 | NOTE | |||
r-devel-windows-x86_64 | 1.0.9 | 152.00 | 368.00 | 520.00 | OK | |
r-patched-linux-x86_64 | 1.0.9 | 29.27 | 294.03 | 323.30 | OK | |
r-release-linux-x86_64 | 1.0.9 | 20.45 | 291.93 | 312.38 | OK | |
r-release-macos-arm64 | 1.0.9 | 94.00 | NOTE | |||
r-release-macos-x86_64 | 1.0.9 | 143.00 | NOTE | |||
r-release-windows-x86_64 | 1.0.9 | 136.00 | 363.00 | 499.00 | OK | |
r-oldrel-macos-arm64 | 1.0.9 | 95.00 | NOTE | |||
r-oldrel-macos-x86_64 | 1.0.9 | 149.00 | NOTE | |||
r-oldrel-windows-ix86+x86_64 | 1.0.9 | 43.00 | 574.00 | 617.00 | OK |
Version: 1.0.9
Check: HTML version of manual
Result: NOTE
Found the following HTML validation problems:
across.html:114:90: Warning: inserting implicit <p>
across.html:114:90: Warning: trimming empty <p>
select.html:176:41: Warning: inserting implicit <p>
select.html:182:55: Warning: inserting implicit <p>
select.html:204:85: Warning: inserting implicit <p>
select.html:216:96: Warning: inserting implicit <p>
select.html:231:99: Warning: inserting implicit <p>
select.html:242:78: Warning: inserting implicit <p>
select.html:274:121: Warning: inserting implicit <p>
select.html:296:52: Warning: inserting implicit <p>
select.html:176:41: Warning: trimming empty <p>
select.html:182:55: Warning: trimming empty <p>
select.html:204:85: Warning: trimming empty <p>
select.html:216:96: Warning: trimming empty <p>
select.html:231:99: Warning: trimming empty <p>
select.html:242:78: Warning: trimming empty <p>
select.html:274:121: Warning: trimming empty <p>
select.html:296:52: Warning: trimming empty <p>
Flavors: r-devel-linux-x86_64-debian-clang, r-devel-linux-x86_64-debian-gcc, r-devel-linux-x86_64-fedora-clang, r-devel-linux-x86_64-fedora-gcc
Version: 1.0.9
Check: data for non-ASCII characters
Result: NOTE
Note: found 4 marked UTF-8 strings
Flavors: r-devel-linux-x86_64-fedora-clang, r-devel-linux-x86_64-fedora-gcc, r-release-macos-arm64, r-release-macos-x86_64, r-oldrel-macos-arm64, r-oldrel-macos-x86_64
Version: 1.0.9
Check: package dependencies
Result: NOTE
Package suggested but not available for checking: ‘RSQLite’
Flavor: r-release-macos-arm64