Last updated on 2022-08-15 08:49:54 CEST.
Flavor | Version | Tinstall | Tcheck | Ttotal | Status | Flags |
---|---|---|---|---|---|---|
r-devel-linux-x86_64-debian-clang | 2.0.0 | 11.87 | 140.96 | 152.83 | NOTE | |
r-devel-linux-x86_64-debian-gcc | 2.0.0 | 8.40 | 103.25 | 111.65 | NOTE | |
r-devel-linux-x86_64-fedora-clang | 2.0.0 | 189.42 | NOTE | |||
r-devel-linux-x86_64-fedora-gcc | 2.0.0 | 184.57 | NOTE | |||
r-devel-windows-x86_64 | 2.0.0 | 32.00 | 165.00 | 197.00 | NOTE | |
r-patched-linux-x86_64 | 2.0.0 | 10.05 | 132.28 | 142.33 | OK | |
r-release-linux-x86_64 | 2.0.0 | 9.98 | 130.54 | 140.52 | OK | |
r-release-macos-arm64 | 2.0.0 | 51.00 | OK | |||
r-release-macos-x86_64 | 2.0.0 | 99.00 | OK | |||
r-release-windows-x86_64 | 2.0.0 | 48.00 | 179.00 | 227.00 | OK | |
r-oldrel-macos-arm64 | 2.0.0 | 67.00 | OK | |||
r-oldrel-macos-x86_64 | 2.0.0 | 75.00 | OK | |||
r-oldrel-windows-ix86+x86_64 | 2.0.0 | 27.00 | 165.00 | 192.00 | OK |
Version: 2.0.0
Check: Rd files
Result: NOTE
checkRd: (-1) confint.dr4pl.Rd:49: Escaped LaTeX specials: \&
checkRd: (-1) gof-dr4pl.Rd:40: Escaped LaTeX specials: \&
checkRd: (-1) vcov.dr4pl.Rd:61: Escaped LaTeX specials: \&
Flavors: r-devel-linux-x86_64-debian-clang, r-devel-linux-x86_64-debian-gcc, r-devel-linux-x86_64-fedora-clang, r-devel-linux-x86_64-fedora-gcc, r-devel-windows-x86_64