Last updated on 2022-08-15 08:49:54 CEST.
Flavor | Version | Tinstall | Tcheck | Ttotal | Status | Flags |
---|---|---|---|---|---|---|
r-devel-linux-x86_64-debian-clang | 1.2.1 | 26.69 | 125.12 | 151.81 | NOTE | |
r-devel-linux-x86_64-debian-gcc | 1.2.1 | 24.25 | 92.72 | 116.97 | NOTE | |
r-devel-linux-x86_64-fedora-clang | 1.2.1 | 186.65 | NOTE | |||
r-devel-linux-x86_64-fedora-gcc | 1.2.1 | 191.52 | NOTE | |||
r-devel-windows-x86_64 | 1.2.1 | 63.00 | 145.00 | 208.00 | NOTE | |
r-patched-linux-x86_64 | 1.2.1 | 20.01 | 119.56 | 139.57 | OK | |
r-release-linux-x86_64 | 1.2.1 | 19.06 | 119.16 | 138.22 | OK | |
r-release-macos-arm64 | 1.2.1 | 56.00 | NOTE | |||
r-release-macos-x86_64 | 1.2.1 | 81.00 | NOTE | |||
r-release-windows-x86_64 | 1.2.1 | 53.00 | 148.00 | 201.00 | OK | |
r-oldrel-macos-arm64 | 1.2.1 | 62.00 | NOTE | |||
r-oldrel-macos-x86_64 | 1.2.1 | 81.00 | NOTE | |||
r-oldrel-windows-ix86+x86_64 | 1.2.1 | 51.00 | 144.00 | 195.00 | OK |
Version: 1.2.1
Check: package subdirectories
Result: NOTE
Problems with news in 'NEWS.md':
No news entries found.
Flavors: r-devel-linux-x86_64-debian-clang, r-devel-linux-x86_64-debian-gcc, r-devel-linux-x86_64-fedora-clang, r-devel-linux-x86_64-fedora-gcc, r-devel-windows-x86_64
Version: 1.2.1
Check: package dependencies
Result: NOTE
Imports includes 32 non-default packages.
Importing from so many packages makes the package vulnerable to any of
them becoming unavailable. Move as many as possible to Suggests and
use conditionally.
Flavor: r-devel-linux-x86_64-fedora-clang
Version: 1.2.1
Check: dependencies in R code
Result: NOTE
Namespace in Imports field not imported from: ‘htmltools’
All declared Imports should be used.
Flavors: r-devel-linux-x86_64-fedora-clang, r-devel-linux-x86_64-fedora-gcc, r-release-macos-arm64, r-release-macos-x86_64, r-oldrel-macos-arm64, r-oldrel-macos-x86_64