Last updated on 2022-08-15 08:49:54 CEST.
Flavor | Version | Tinstall | Tcheck | Ttotal | Status | Flags |
---|---|---|---|---|---|---|
r-devel-linux-x86_64-debian-clang | 0.1.7 | 2.12 | 27.29 | 29.41 | OK | |
r-devel-linux-x86_64-debian-gcc | 0.1.7 | 1.43 | 21.43 | 22.86 | OK | |
r-devel-linux-x86_64-fedora-clang | 0.1.7 | 46.52 | NOTE | |||
r-devel-linux-x86_64-fedora-gcc | 0.1.7 | 46.38 | NOTE | |||
r-devel-windows-x86_64 | 0.1.7 | 17.00 | 55.00 | 72.00 | OK | |
r-patched-linux-x86_64 | 0.1.7 | 2.16 | 26.37 | 28.53 | OK | |
r-release-linux-x86_64 | 0.1.7 | 1.72 | 26.83 | 28.55 | OK | |
r-release-macos-arm64 | 0.1.7 | 17.00 | NOTE | |||
r-release-macos-x86_64 | 0.1.7 | 24.00 | NOTE | |||
r-release-windows-x86_64 | 0.1.7 | 11.00 | 61.00 | 72.00 | OK | |
r-oldrel-macos-arm64 | 0.1.7 | 17.00 | NOTE | |||
r-oldrel-macos-x86_64 | 0.1.7 | 43.00 | NOTE | |||
r-oldrel-windows-ix86+x86_64 | 0.1.7 | 6.00 | 47.00 | 53.00 | OK |
Version: 0.1.7
Check: data for non-ASCII characters
Result: NOTE
Note: found 103 marked UTF-8 strings
Flavors: r-devel-linux-x86_64-fedora-clang, r-devel-linux-x86_64-fedora-gcc, r-release-macos-arm64, r-release-macos-x86_64, r-oldrel-macos-arm64, r-oldrel-macos-x86_64