Last updated on 2022-08-15 08:49:54 CEST.
Flavor | Version | Tinstall | Tcheck | Ttotal | Status | Flags |
---|---|---|---|---|---|---|
r-devel-linux-x86_64-debian-clang | 7.13.3 | 22.89 | 181.16 | 204.05 | NOTE | |
r-devel-linux-x86_64-debian-gcc | 7.13.3 | 17.39 | 136.31 | 153.70 | NOTE | |
r-devel-linux-x86_64-fedora-clang | 7.13.3 | 245.67 | NOTE | |||
r-devel-linux-x86_64-fedora-gcc | 7.13.3 | 261.55 | NOTE | |||
r-devel-windows-x86_64 | 7.13.3 | 165.00 | 273.00 | 438.00 | OK | |
r-patched-linux-x86_64 | 7.13.3 | 30.01 | 159.54 | 189.55 | OK | |
r-release-linux-x86_64 | 7.13.3 | 21.04 | 161.69 | 182.73 | OK | |
r-release-macos-arm64 | 7.13.3 | 56.00 | OK | |||
r-release-macos-x86_64 | 7.13.3 | 83.00 | OK | |||
r-release-windows-x86_64 | 7.13.3 | 150.00 | 303.00 | 453.00 | OK | |
r-oldrel-macos-arm64 | 7.13.3 | 61.00 | OK | |||
r-oldrel-macos-x86_64 | 7.13.3 | 86.00 | OK | |||
r-oldrel-windows-ix86+x86_64 | 7.13.3 | 41.00 | 274.00 | 315.00 | OK |
Version: 7.13.3
Check: HTML version of manual
Result: NOTE
Found the following HTML validation problems:
make.html:800:24: Warning: inserting implicit <p>
make.html:800:24: Warning: trimming empty <p>
Flavors: r-devel-linux-x86_64-debian-clang, r-devel-linux-x86_64-debian-gcc, r-devel-linux-x86_64-fedora-clang, r-devel-linux-x86_64-fedora-gcc