Last updated on 2022-08-15 08:49:54 CEST.
Flavor | Version | Tinstall | Tcheck | Ttotal | Status | Flags |
---|---|---|---|---|---|---|
r-devel-linux-x86_64-debian-clang | 1.2.3 | 7.98 | 48.64 | 56.62 | NOTE | |
r-devel-linux-x86_64-debian-gcc | 1.2.3 | 5.78 | 36.11 | 41.89 | NOTE | |
r-devel-linux-x86_64-fedora-clang | 1.2.3 | 78.69 | NOTE | |||
r-devel-linux-x86_64-fedora-gcc | 1.2.3 | 79.49 | NOTE | |||
r-devel-windows-x86_64 | 1.2.3 | 31.00 | 73.00 | 104.00 | NOTE | |
r-patched-linux-x86_64 | 1.2.3 | 6.90 | 45.13 | 52.03 | NOTE | |
r-release-linux-x86_64 | 1.2.3 | 8.70 | 44.84 | 53.54 | NOTE | |
r-release-macos-arm64 | 1.2.3 | 22.00 | NOTE | |||
r-release-macos-x86_64 | 1.2.3 | 32.00 | NOTE | |||
r-release-windows-x86_64 | 1.2.3 | 32.00 | 78.00 | 110.00 | NOTE | |
r-oldrel-macos-arm64 | 1.2.3 | 29.00 | NOTE | |||
r-oldrel-macos-x86_64 | 1.2.3 | 46.00 | NOTE | |||
r-oldrel-windows-ix86+x86_64 | 1.2.3 | 13.00 | 69.00 | 82.00 | NOTE |
Version: 1.2.3
Check: LazyData
Result: NOTE
'LazyData' is specified without a 'data' directory
Flavors: r-devel-linux-x86_64-debian-clang, r-devel-linux-x86_64-debian-gcc, r-devel-linux-x86_64-fedora-clang, r-devel-linux-x86_64-fedora-gcc, r-devel-windows-x86_64, r-patched-linux-x86_64, r-release-linux-x86_64, r-release-macos-arm64, r-release-macos-x86_64, r-release-windows-x86_64, r-oldrel-macos-arm64, r-oldrel-macos-x86_64, r-oldrel-windows-ix86+x86_64