Last updated on 2022-08-15 08:49:54 CEST.
Flavor | Version | Tinstall | Tcheck | Ttotal | Status | Flags |
---|---|---|---|---|---|---|
r-devel-linux-x86_64-debian-clang | 1.0.1 | 16.39 | 125.23 | 141.62 | NOTE | |
r-devel-linux-x86_64-debian-gcc | 1.0.1 | 11.67 | 92.30 | 103.97 | NOTE | |
r-devel-linux-x86_64-fedora-clang | 1.0.1 | 185.42 | NOTE | |||
r-devel-linux-x86_64-fedora-gcc | 1.0.1 | 177.79 | NOTE | |||
r-devel-windows-x86_64 | 1.0.1 | 22.00 | 251.00 | 273.00 | NOTE | |
r-patched-linux-x86_64 | 1.0.1 | 14.06 | 115.47 | 129.53 | OK | |
r-release-linux-x86_64 | 1.0.1 | 8.89 | 116.31 | 125.20 | OK | |
r-release-macos-arm64 | 1.0.1 | 76.00 | OK | |||
r-release-macos-x86_64 | 1.0.1 | 122.00 | OK | |||
r-release-windows-x86_64 | 1.0.1 | 27.00 | 260.00 | 287.00 | OK | |
r-oldrel-macos-arm64 | 1.0.1 | 84.00 | OK | |||
r-oldrel-macos-x86_64 | 1.0.1 | 150.00 | OK | |||
r-oldrel-windows-ix86+x86_64 | 1.0.1 | 32.00 | 280.00 | 312.00 | OK |
Version: 1.0.1
Check: package subdirectories
Result: NOTE
Problems with news in 'NEWS.md':
No news entries found.
Flavors: r-devel-linux-x86_64-debian-clang, r-devel-linux-x86_64-debian-gcc, r-devel-linux-x86_64-fedora-clang, r-devel-linux-x86_64-fedora-gcc, r-devel-windows-x86_64