Last updated on 2022-08-15 08:49:54 CEST.
Flavor | Version | Tinstall | Tcheck | Ttotal | Status | Flags |
---|---|---|---|---|---|---|
r-devel-linux-x86_64-debian-clang | 0.3.0 | 14.66 | 177.62 | 192.28 | OK | |
r-devel-linux-x86_64-debian-gcc | 0.3.0 | 11.96 | 135.07 | 147.03 | OK | |
r-devel-linux-x86_64-fedora-clang | 0.3.0 | 244.19 | NOTE | |||
r-devel-linux-x86_64-fedora-gcc | 0.3.0 | 249.62 | OK | |||
r-devel-windows-x86_64 | 0.3.0 | 30.00 | 199.00 | 229.00 | NOTE | |
r-patched-linux-x86_64 | 0.3.0 | 15.59 | 169.02 | 184.61 | OK | |
r-release-linux-x86_64 | 0.3.0 | 9.61 | 170.85 | 180.46 | OK | |
r-release-macos-arm64 | 0.3.0 | 72.00 | NOTE | |||
r-release-macos-x86_64 | 0.3.0 | 112.00 | NOTE | |||
r-release-windows-x86_64 | 0.3.0 | 31.00 | 210.00 | 241.00 | NOTE | |
r-oldrel-macos-arm64 | 0.3.0 | 64.00 | NOTE | |||
r-oldrel-macos-x86_64 | 0.3.0 | 89.00 | NOTE | |||
r-oldrel-windows-ix86+x86_64 | 0.3.0 | 32.00 | 196.00 | 228.00 | NOTE |
Version: 0.3.0
Check: installed package size
Result: NOTE
installed size is 5.5Mb
sub-directories of 1Mb or more:
data 1.7Mb
extdata 3.2Mb
Flavors: r-devel-linux-x86_64-fedora-clang, r-devel-windows-x86_64, r-release-macos-arm64, r-release-macos-x86_64, r-release-windows-x86_64, r-oldrel-macos-arm64, r-oldrel-macos-x86_64, r-oldrel-windows-ix86+x86_64