Last updated on 2022-08-15 08:49:54 CEST.
Flavor | Version | Tinstall | Tcheck | Ttotal | Status | Flags |
---|---|---|---|---|---|---|
r-devel-linux-x86_64-debian-clang | 0.0.4 | 13.77 | 134.98 | 148.75 | OK | |
r-devel-linux-x86_64-debian-gcc | 0.0.4 | 10.60 | 100.35 | 110.95 | OK | |
r-devel-linux-x86_64-fedora-clang | 0.0.4 | 185.21 | NOTE | |||
r-devel-linux-x86_64-fedora-gcc | 0.0.4 | 193.71 | OK | |||
r-devel-windows-x86_64 | 0.0.4 | 27.00 | 158.00 | 185.00 | OK | |
r-patched-linux-x86_64 | 0.0.4 | 15.99 | 124.34 | 140.33 | OK | |
r-release-linux-x86_64 | 0.0.4 | 11.61 | 125.68 | 137.29 | OK | |
r-release-macos-arm64 | 0.0.4 | 47.00 | OK | |||
r-release-macos-x86_64 | 0.0.4 | 106.00 | OK | |||
r-release-windows-x86_64 | 0.0.4 | 30.00 | 168.00 | 198.00 | OK | |
r-oldrel-macos-arm64 | 0.0.4 | 56.00 | OK | |||
r-oldrel-macos-x86_64 | 0.0.4 | 68.00 | OK | |||
r-oldrel-windows-ix86+x86_64 | 0.0.4 | 30.00 | 161.00 | 191.00 | OK |
Version: 0.0.4
Check: Rd cross-references
Result: NOTE
Undeclared package ‘data.table’ in Rd xrefs
Flavor: r-devel-linux-x86_64-fedora-clang