Last updated on 2022-08-15 08:49:54 CEST.
Flavor | Version | Tinstall | Tcheck | Ttotal | Status | Flags |
---|---|---|---|---|---|---|
r-devel-linux-x86_64-debian-clang | 0.91.2.2 | 2.16 | 21.97 | 24.13 | NOTE | |
r-devel-linux-x86_64-debian-gcc | 0.91.2.2 | 1.65 | 17.31 | 18.96 | NOTE | |
r-devel-linux-x86_64-fedora-clang | 0.91.2.2 | 39.75 | NOTE | |||
r-devel-linux-x86_64-fedora-gcc | 0.91.2.2 | 40.51 | NOTE | |||
r-devel-windows-x86_64 | 0.91.2.2 | 8.00 | 45.00 | 53.00 | NOTE | |
r-patched-linux-x86_64 | 0.91.2.2 | 1.79 | 21.27 | 23.06 | NOTE | |
r-release-linux-x86_64 | 0.91.2.2 | 2.09 | 21.16 | 23.25 | NOTE | |
r-release-macos-arm64 | 0.91.2.2 | 14.00 | NOTE | |||
r-release-macos-x86_64 | 0.91.2.2 | 19.00 | NOTE | |||
r-release-windows-x86_64 | 0.91.2.2 | 6.00 | 45.00 | 51.00 | NOTE | |
r-oldrel-macos-arm64 | 0.91.2.2 | 22.00 | NOTE | |||
r-oldrel-macos-x86_64 | 0.91.2.2 | 29.00 | NOTE | |||
r-oldrel-windows-ix86+x86_64 | 0.91.2.2 | 5.00 | 39.00 | 44.00 | NOTE |
Version: 0.91.2.2
Check: DESCRIPTION meta-information
Result: NOTE
BugReports field is not a suitable URL but appears to contain an email address
not specified by mailto: nor contained in < >
use the Contact field instead
Flavors: r-devel-linux-x86_64-debian-clang, r-devel-linux-x86_64-debian-gcc, r-devel-linux-x86_64-fedora-clang, r-devel-linux-x86_64-fedora-gcc, r-devel-windows-x86_64, r-patched-linux-x86_64, r-release-linux-x86_64, r-release-macos-arm64, r-release-macos-x86_64, r-release-windows-x86_64, r-oldrel-macos-arm64, r-oldrel-macos-x86_64, r-oldrel-windows-ix86+x86_64