Last updated on 2022-08-15 08:49:54 CEST.
Flavor | Version | Tinstall | Tcheck | Ttotal | Status | Flags |
---|---|---|---|---|---|---|
r-devel-linux-x86_64-debian-clang | 0.7.4 | 5.21 | 30.93 | 36.14 | OK | |
r-devel-linux-x86_64-debian-gcc | 0.7.4 | 3.90 | 24.13 | 28.03 | OK | |
r-devel-linux-x86_64-fedora-clang | 0.7.4 | 53.97 | NOTE | |||
r-devel-linux-x86_64-fedora-gcc | 0.7.4 | 54.62 | NOTE | |||
r-devel-windows-x86_64 | 0.7.4 | 32.00 | 64.00 | 96.00 | OK | |
r-patched-linux-x86_64 | 0.7.4 | 5.40 | 29.18 | 34.58 | OK | |
r-release-linux-x86_64 | 0.7.4 | 3.82 | 29.73 | 33.55 | OK | |
r-release-macos-arm64 | 0.7.4 | 20.00 | NOTE | |||
r-release-macos-x86_64 | 0.7.4 | 35.00 | NOTE | |||
r-release-windows-x86_64 | 0.7.4 | 36.00 | 60.00 | 96.00 | OK | |
r-oldrel-macos-arm64 | 0.7.4 | 24.00 | NOTE | |||
r-oldrel-macos-x86_64 | 0.7.4 | 32.00 | NOTE | |||
r-oldrel-windows-ix86+x86_64 | 0.7.4 | 18.00 | 55.00 | 73.00 | OK |
Version: 0.7.4
Check: data for non-ASCII characters
Result: NOTE
Note: found 4891 marked UTF-8 strings
Flavors: r-devel-linux-x86_64-fedora-clang, r-devel-linux-x86_64-fedora-gcc, r-release-macos-arm64, r-release-macos-x86_64, r-oldrel-macos-arm64, r-oldrel-macos-x86_64