Last updated on 2022-08-15 08:49:54 CEST.
Flavor | Version | Tinstall | Tcheck | Ttotal | Status | Flags |
---|---|---|---|---|---|---|
r-devel-linux-x86_64-debian-clang | 0.2.0 | 2.29 | 23.64 | 25.93 | OK | |
r-devel-linux-x86_64-debian-gcc | 0.2.0 | 1.53 | 18.63 | 20.16 | OK | |
r-devel-linux-x86_64-fedora-clang | 0.2.0 | 42.20 | NOTE | |||
r-devel-linux-x86_64-fedora-gcc | 0.2.0 | 43.09 | OK | |||
r-devel-windows-x86_64 | 0.2.0 | 11.00 | 54.00 | 65.00 | OK | |
r-patched-linux-x86_64 | 0.2.0 | 1.95 | 22.45 | 24.40 | OK | |
r-release-linux-x86_64 | 0.2.0 | 2.06 | 22.98 | 25.04 | OK | |
r-release-macos-arm64 | 0.2.0 | 16.00 | OK | |||
r-release-macos-x86_64 | 0.2.0 | 21.00 | OK | |||
r-release-windows-x86_64 | 0.2.0 | 4.00 | 52.00 | 56.00 | OK | |
r-oldrel-macos-arm64 | 0.2.0 | 14.00 | OK | |||
r-oldrel-macos-x86_64 | 0.2.0 | 24.00 | OK | |||
r-oldrel-windows-ix86+x86_64 | 0.2.0 | 4.00 | 27.00 | 31.00 | OK |
Version: 0.2.0
Check: Rd cross-references
Result: NOTE
Undeclared packages ‘dstat’, ‘sensitivity2x2xk’ in Rd xrefs
Flavor: r-devel-linux-x86_64-fedora-clang