Last updated on 2022-08-15 08:49:55 CEST.
Flavor | Version | Tinstall | Tcheck | Ttotal | Status | Flags |
---|---|---|---|---|---|---|
r-devel-linux-x86_64-debian-clang | 0.6.7 | 3.23 | 36.81 | 40.04 | OK | |
r-devel-linux-x86_64-debian-gcc | 0.6.7 | 2.13 | 28.03 | 30.16 | OK | |
r-devel-linux-x86_64-fedora-clang | 0.6.7 | 57.45 | NOTE | |||
r-devel-linux-x86_64-fedora-gcc | 0.6.7 | 59.65 | NOTE | |||
r-devel-windows-x86_64 | 0.6.7 | 34.00 | 68.00 | 102.00 | OK | |
r-patched-linux-x86_64 | 0.6.7 | 2.14 | 34.40 | 36.54 | OK | |
r-release-linux-x86_64 | 0.6.7 | 1.76 | 35.07 | 36.83 | OK | |
r-release-macos-arm64 | 0.6.7 | 22.00 | NOTE | |||
r-release-macos-x86_64 | 0.6.7 | 31.00 | NOTE | |||
r-release-windows-x86_64 | 0.6.7 | 31.00 | 76.00 | 107.00 | OK | |
r-oldrel-macos-arm64 | 0.6.7 | 25.00 | NOTE | |||
r-oldrel-macos-x86_64 | 0.6.7 | 32.00 | NOTE | |||
r-oldrel-windows-ix86+x86_64 | 0.6.7 | 7.00 | 66.00 | 73.00 | OK |
Version: 0.6.7
Check: dependencies in R code
Result: NOTE
Namespaces in Imports field not imported from:
‘digest’ ‘dplyr’
All declared Imports should be used.
Flavors: r-devel-linux-x86_64-fedora-clang, r-devel-linux-x86_64-fedora-gcc, r-release-macos-arm64, r-release-macos-x86_64, r-oldrel-macos-arm64, r-oldrel-macos-x86_64