Last updated on 2022-08-15 08:49:55 CEST.
Flavor | Version | Tinstall | Tcheck | Ttotal | Status | Flags |
---|---|---|---|---|---|---|
r-devel-linux-x86_64-debian-clang | 0.4.0 | 2093.73 | 80.81 | 2174.54 | OK | |
r-devel-linux-x86_64-debian-gcc | 0.4.0 | 1687.04 | 61.97 | 1749.01 | OK | |
r-devel-linux-x86_64-fedora-clang | 0.4.0 | 2686.82 | NOTE | |||
r-devel-linux-x86_64-fedora-gcc | 0.4.0 | 2885.81 | OK | |||
r-devel-windows-x86_64 | 0.4.0 | 4670.00 | 336.00 | 5006.00 | NOTE | |
r-patched-linux-x86_64 | 0.4.0 | 1768.31 | 76.09 | 1844.40 | OK | |
r-release-linux-x86_64 | 0.4.0 | 1771.79 | 74.61 | 1846.40 | OK | |
r-release-macos-arm64 | 0.4.0 | 631.00 | NOTE | |||
r-release-macos-x86_64 | 0.4.0 | 818.00 | NOTE | |||
r-release-windows-x86_64 | 0.4.0 | 4434.00 | 340.00 | 4774.00 | NOTE | |
r-oldrel-macos-arm64 | 0.4.0 | 555.00 | NOTE | |||
r-oldrel-macos-x86_64 | 0.4.0 | 817.00 | NOTE | |||
r-oldrel-windows-ix86+x86_64 | 0.4.0 | 4241.00 | 287.00 | 4528.00 | NOTE |
Version: 0.4.0
Check: installed package size
Result: NOTE
installed size is 31.6Mb
sub-directories of 1Mb or more:
libs 30.9Mb
Flavors: r-devel-linux-x86_64-fedora-clang, r-devel-windows-x86_64, r-release-macos-arm64, r-release-macos-x86_64, r-release-windows-x86_64, r-oldrel-macos-arm64, r-oldrel-macos-x86_64, r-oldrel-windows-ix86+x86_64