Last updated on 2022-08-15 08:49:55 CEST.
Flavor | Version | Tinstall | Tcheck | Ttotal | Status | Flags |
---|---|---|---|---|---|---|
r-devel-linux-x86_64-debian-clang | 0.1.1 | 4.04 | 24.24 | 28.28 | OK | |
r-devel-linux-x86_64-debian-gcc | 0.1.1 | 2.86 | 19.37 | 22.23 | OK | |
r-devel-linux-x86_64-fedora-clang | 0.1.1 | 45.01 | NOTE | |||
r-devel-linux-x86_64-fedora-gcc | 0.1.1 | 45.55 | NOTE | |||
r-devel-windows-x86_64 | 0.1.1 | 43.00 | 49.00 | 92.00 | OK | |
r-patched-linux-x86_64 | 0.1.1 | 3.16 | 23.02 | 26.18 | OK | |
r-release-linux-x86_64 | 0.1.1 | 3.25 | 23.36 | 26.61 | OK | |
r-release-macos-arm64 | 0.1.1 | 15.00 | NOTE | |||
r-release-macos-x86_64 | 0.1.1 | 23.00 | NOTE | |||
r-release-windows-x86_64 | 0.1.1 | 27.00 | 48.00 | 75.00 | OK | |
r-oldrel-macos-arm64 | 0.1.1 | 19.00 | NOTE | |||
r-oldrel-macos-x86_64 | 0.1.1 | 28.00 | NOTE | |||
r-oldrel-windows-ix86+x86_64 | 0.1.1 | 8.00 | 38.00 | 46.00 | OK |
Version: 0.1.1
Check: data for non-ASCII characters
Result: NOTE
Note: found 2854 marked UTF-8 strings
Flavors: r-devel-linux-x86_64-fedora-clang, r-devel-linux-x86_64-fedora-gcc, r-release-macos-arm64, r-release-macos-x86_64, r-oldrel-macos-arm64, r-oldrel-macos-x86_64