Last updated on 2022-08-15 08:49:55 CEST.
Flavor | Version | Tinstall | Tcheck | Ttotal | Status | Flags |
---|---|---|---|---|---|---|
r-devel-linux-x86_64-debian-clang | 1.0.1 | 629.29 | 230.28 | 859.57 | OK | |
r-devel-linux-x86_64-debian-gcc | 1.0.1 | 508.09 | 172.88 | 680.97 | OK | |
r-devel-linux-x86_64-fedora-clang | 1.0.1 | 1210.54 | NOTE | |||
r-devel-linux-x86_64-fedora-gcc | 1.0.1 | 1217.67 | OK | |||
r-devel-windows-x86_64 | 1.0.1 | 906.00 | 367.00 | 1273.00 | NOTE | |
r-patched-linux-x86_64 | 1.0.1 | 527.93 | 223.93 | 751.86 | OK | |
r-release-linux-x86_64 | 1.0.1 | 547.12 | 225.38 | 772.50 | OK | |
r-release-macos-arm64 | 1.0.1 | 280.00 | NOTE | |||
r-release-macos-x86_64 | 1.0.1 | 332.00 | NOTE | |||
r-release-windows-x86_64 | 1.0.1 | 617.00 | 366.00 | 983.00 | NOTE | |
r-oldrel-macos-arm64 | 1.0.1 | 267.00 | NOTE | |||
r-oldrel-macos-x86_64 | 1.0.1 | 316.00 | NOTE | |||
r-oldrel-windows-ix86+x86_64 | 1.0.1 | 1495.00 | 434.00 | 1929.00 | NOTE |
Version: 1.0.1
Check: installed package size
Result: NOTE
installed size is 8.8Mb
sub-directories of 1Mb or more:
data 4.2Mb
doc 1.7Mb
libs 2.4Mb
Flavors: r-devel-linux-x86_64-fedora-clang, r-devel-windows-x86_64, r-release-macos-arm64, r-release-macos-x86_64, r-release-windows-x86_64, r-oldrel-macos-arm64, r-oldrel-macos-x86_64, r-oldrel-windows-ix86+x86_64