Last updated on 2022-08-15 08:49:55 CEST.
Flavor | Version | Tinstall | Tcheck | Ttotal | Status | Flags |
---|---|---|---|---|---|---|
r-devel-linux-x86_64-debian-clang | 0.1.1 | 1.44 | 23.34 | 24.78 | NOTE | |
r-devel-linux-x86_64-debian-gcc | 0.1.1 | 1.55 | 18.89 | 20.44 | NOTE | |
r-devel-linux-x86_64-fedora-clang | 0.1.1 | 43.92 | NOTE | |||
r-devel-linux-x86_64-fedora-gcc | 0.1.1 | 45.36 | NOTE | |||
r-devel-windows-x86_64 | 0.1.1 | 12.00 | 46.00 | 58.00 | NOTE | |
r-patched-linux-x86_64 | 0.1.1 | 1.72 | 23.35 | 25.07 | NOTE | |
r-release-linux-x86_64 | 0.1.1 | 1.81 | 22.78 | 24.59 | NOTE | |
r-release-macos-arm64 | 0.1.1 | 15.00 | NOTE | |||
r-release-macos-x86_64 | 0.1.1 | 23.00 | NOTE | |||
r-release-windows-x86_64 | 0.1.1 | 9.00 | 47.00 | 56.00 | NOTE | |
r-oldrel-macos-arm64 | 0.1.1 | 17.00 | NOTE | |||
r-oldrel-macos-x86_64 | 0.1.1 | 27.00 | NOTE | |||
r-oldrel-windows-ix86+x86_64 | 0.1.1 | 5.00 | 40.00 | 45.00 | NOTE |
Version: 0.1.1
Check: LazyData
Result: NOTE
'LazyData' is specified without a 'data' directory
Flavors: r-devel-linux-x86_64-debian-clang, r-devel-linux-x86_64-debian-gcc, r-devel-linux-x86_64-fedora-clang, r-devel-linux-x86_64-fedora-gcc, r-devel-windows-x86_64, r-patched-linux-x86_64, r-release-linux-x86_64, r-release-macos-arm64, r-release-macos-x86_64, r-release-windows-x86_64, r-oldrel-macos-arm64, r-oldrel-macos-x86_64, r-oldrel-windows-ix86+x86_64