Last updated on 2022-08-15 08:49:55 CEST.
Flavor | Version | Tinstall | Tcheck | Ttotal | Status | Flags |
---|---|---|---|---|---|---|
r-devel-linux-x86_64-debian-clang | 0.4-3 | 43.61 | 110.58 | 154.19 | OK | |
r-devel-linux-x86_64-debian-gcc | 0.4-3 | 34.80 | 81.89 | 116.69 | OK | |
r-devel-linux-x86_64-fedora-clang | 0.4-3 | 199.16 | OK | |||
r-devel-linux-x86_64-fedora-gcc | 0.4-3 | 190.83 | OK | |||
r-devel-windows-x86_64 | 0.4-3 | 96.00 | 151.00 | 247.00 | OK | |
r-patched-linux-x86_64 | 0.4-3 | 39.36 | 101.46 | 140.82 | OK | |
r-release-linux-x86_64 | 0.4-3 | 35.32 | 103.49 | 138.81 | OK | |
r-release-macos-arm64 | 0.4-3 | 53.00 | NOTE | |||
r-release-macos-x86_64 | 0.4-3 | 98.00 | NOTE | |||
r-release-windows-x86_64 | 0.4-3 | 42.00 | 150.00 | 192.00 | OK | |
r-oldrel-macos-arm64 | 0.4-3 | 62.00 | NOTE | |||
r-oldrel-macos-x86_64 | 0.4-3 | 68.00 | NOTE | |||
r-oldrel-windows-ix86+x86_64 | 0.4-3 | 80.00 | 172.00 | 252.00 | OK |
Version: 0.4-3
Check: installed package size
Result: NOTE
installed size is 5.7Mb
sub-directories of 1Mb or more:
libs 5.5Mb
Flavors: r-release-macos-arm64, r-release-macos-x86_64, r-oldrel-macos-arm64, r-oldrel-macos-x86_64