Last updated on 2022-08-15 08:49:55 CEST.
Flavor | Version | Tinstall | Tcheck | Ttotal | Status | Flags |
---|---|---|---|---|---|---|
r-devel-linux-x86_64-debian-clang | 1.2.2 | 17.54 | 277.14 | 294.68 | OK | |
r-devel-linux-x86_64-debian-gcc | 1.2.2 | 12.64 | 202.38 | 215.02 | OK | |
r-devel-linux-x86_64-fedora-clang | 1.2.2 | 352.24 | OK | |||
r-devel-linux-x86_64-fedora-gcc | 1.2.2 | 372.90 | OK | |||
r-devel-windows-x86_64 | 1.2.2 | 85.00 | 329.00 | 414.00 | OK | |
r-patched-linux-x86_64 | 1.2.2 | 12.50 | 257.19 | 269.69 | OK | |
r-release-linux-x86_64 | 1.2.2 | 11.49 | 256.91 | 268.40 | OK | |
r-release-macos-arm64 | 1.2.2 | 91.00 | OK | |||
r-release-macos-x86_64 | 1.2.2 | 141.00 | OK | |||
r-release-windows-x86_64 | 1.2.2 | 67.00 | 313.00 | 380.00 | OK | |
r-oldrel-macos-arm64 | 1.2.2 | 96.00 | NOTE | |||
r-oldrel-macos-x86_64 | 1.2.2 | 181.00 | NOTE | |||
r-oldrel-windows-ix86+x86_64 | 1.2.2 | 36.00 | 356.00 | 392.00 | OK |
Version: 1.2.2
Check: package dependencies
Result: NOTE
Package suggested but not available for checking: ‘hdf5r’
Flavors: r-oldrel-macos-arm64, r-oldrel-macos-x86_64